
/*!40101 SET @OLD_CHARACTER_SET_CLIENT=@@CHARACTER_SET_CLIENT */;
/*!40101 SET @OLD_CHARACTER_SET_RESULTS=@@CHARACTER_SET_RESULTS */;
/*!40101 SET @OLD_COLLATION_CONNECTION=@@COLLATION_CONNECTION */;
/*!40101 SET NAMES utf8 */;
/*!40103 SET @OLD_TIME_ZONE=@@TIME_ZONE */;
/*!40103 SET TIME_ZONE='+00:00' */;
/*!40014 SET @OLD_UNIQUE_CHECKS=@@UNIQUE_CHECKS, UNIQUE_CHECKS=0 */;
/*!40014 SET @OLD_FOREIGN_KEY_CHECKS=@@FOREIGN_KEY_CHECKS, FOREIGN_KEY_CHECKS=0 */;
/*!40101 SET @OLD_SQL_MODE=@@SQL_MODE, SQL_MODE='NO_AUTO_VALUE_ON_ZERO' */;
/*!40111 SET @OLD_SQL_NOTES=@@SQL_NOTES, SQL_NOTES=0 */;
DROP TABLE IF EXISTS `dri_subworkflow_templates`;
/*!40101 SET @saved_cs_client     = @@character_set_client */;
/*!40101 SET character_set_client = utf8 */;
CREATE TABLE `dri_subworkflow_templates` (
  `id` char(36) NOT NULL,
  `name` varchar(30) DEFAULT NULL,
  `date_entered` datetime DEFAULT NULL,
  `date_modified` datetime DEFAULT NULL,
  `modified_user_id` char(36) DEFAULT NULL,
  `created_by` char(36) DEFAULT NULL,
  `description` text,
  `deleted` tinyint(1) DEFAULT '0',
  `team_id` char(36) DEFAULT NULL,
  `team_set_id` char(36) DEFAULT NULL,
  `acl_team_set_id` char(36) DEFAULT NULL,
  `label` varchar(255) DEFAULT NULL,
  `sort_order` int(8) DEFAULT '1',
  `points` int(8) DEFAULT NULL,
  `related_activities` int(8) DEFAULT NULL,
  `dri_workflow_template_id` char(36) DEFAULT NULL,
  PRIMARY KEY (`id`),
  KEY `idx_dri_subworkflow_templates_date_modfied` (`date_modified`),
  KEY `idx_dri_subworkflow_templates_id_del` (`id`,`deleted`),
  KEY `idx_dri_subworkflow_templates_date_entered` (`date_entered`),
  KEY `idx_dri_subworkflow_templates_name_del` (`name`,`deleted`),
  KEY `idx_dri_subworkflow_templates_tmst_id` (`team_set_id`),
  KEY `idx_cj_stage_tpl_jry_tpl_id` (`dri_workflow_template_id`)
) ENGINE=InnoDB DEFAULT CHARSET=utf8;
/*!40101 SET character_set_client = @saved_cs_client */;

LOCK TABLES `dri_subworkflow_templates` WRITE;
/*!40000 ALTER TABLE `dri_subworkflow_templates` DISABLE KEYS */;
INSERT INTO `dri_subworkflow_templates` VALUES ('01a62f80-f836-11e6-b51e-5254009e5526','Q3','2019-06-10 10:54:24','2019-06-10 10:54:24','26402598-50be-ec49-1490-51028469b0e9','26402598-50be-ec49-1490-51028469b0e9',NULL,0,'1','1',NULL,'03. Q3',3,60,6,'ea1ecdea-f835-11e6-b8bd-5254009e5526');
INSERT INTO `dri_subworkflow_templates` VALUES ('0369bfea-6f64-11e6-b835-5254009e5526','Initial Call','2019-06-10 10:54:24','2019-06-10 10:54:24','26402598-50be-ec49-1490-51028469b0e9','26402598-50be-ec49-1490-51028469b0e9',NULL,0,'1','1',NULL,'01. Initial Call',1,20,2,'f4dd8362-6f63-11e6-9f30-5254009e5526');
INSERT INTO `dri_subworkflow_templates` VALUES ('04c555b6-9bb0-11e6-a889-5254009e5526','Phase 1 - Research','2019-06-10 10:54:24','2019-06-10 10:54:24','26402598-50be-ec49-1490-51028469b0e9','26402598-50be-ec49-1490-51028469b0e9','Researching how to become a ninja',0,'1','1',NULL,'01. Phase 1 - Research',1,60,6,'95ce91b8-9baf-11e6-8e72-5254009e5526');
INSERT INTO `dri_subworkflow_templates` VALUES ('080ba30a-f836-11e6-af76-5254009e5526','Q4','2019-06-10 10:54:24','2019-06-10 10:54:24','26402598-50be-ec49-1490-51028469b0e9','26402598-50be-ec49-1490-51028469b0e9',NULL,0,'1','1',NULL,'04. Q4',4,80,8,'ea1ecdea-f835-11e6-b8bd-5254009e5526');
INSERT INTO `dri_subworkflow_templates` VALUES ('08286af2-6f57-11e6-83fa-5254009e5526','Newsletter Content Definition','2019-06-10 10:54:24','2019-06-10 10:54:24','26402598-50be-ec49-1490-51028469b0e9','26402598-50be-ec49-1490-51028469b0e9',NULL,0,'1','1',NULL,'01. Newsletter Content Definition',1,40,4,'ceef2f14-6f56-11e6-8f28-5254009e5526');
INSERT INTO `dri_subworkflow_templates` VALUES ('1463fd4a-6f66-11e6-9d6e-5254009e5526','Qualification','2019-06-10 10:54:24','2019-06-10 10:54:24','26402598-50be-ec49-1490-51028469b0e9','26402598-50be-ec49-1490-51028469b0e9',NULL,0,'1','1',NULL,'02. Qualification',2,30,3,'f4dd8362-6f63-11e6-9f30-5254009e5526');
INSERT INTO `dri_subworkflow_templates` VALUES ('3560f770-9bb0-11e6-bd59-5254009e5526','Phase 2 - Training','2019-06-10 10:54:24','2019-06-10 10:54:24','26402598-50be-ec49-1490-51028469b0e9','26402598-50be-ec49-1490-51028469b0e9','Training in Ninja skills',0,'1','1',NULL,'02. Phase 2 - Training',2,67,7,'95ce91b8-9baf-11e6-8e72-5254009e5526');
INSERT INTO `dri_subworkflow_templates` VALUES ('48deb2e2-86a1-11e7-a438-5254009e5526','Notification Processes','2019-06-10 10:54:24','2019-06-10 10:54:24','26402598-50be-ec49-1490-51028469b0e9','26402598-50be-ec49-1490-51028469b0e9','the EU GDPR requires that processes exist for notification in certain situations.    This stage shows two examples of how those processes may be set up.',0,'1','1',NULL,'03. Notification Processes',3,60,8,'74c487f0-869d-11e7-81da-5254009e5526');
INSERT INTO `dri_subworkflow_templates` VALUES ('4b031cb6-9bb0-11e6-92af-5254009e5526','Phase 3 - Mission','2019-06-10 10:54:24','2019-06-10 10:54:24','26402598-50be-ec49-1490-51028469b0e9','26402598-50be-ec49-1490-51028469b0e9','Find a mission and initiate being a Ninja to achieve that mission',0,'1','1',NULL,'03. Phase 3 - Mission',3,90,9,'95ce91b8-9baf-11e6-8e72-5254009e5526');
INSERT INTO `dri_subworkflow_templates` VALUES ('5deef3ac-fcc9-11e6-9550-5254009e5526','Opportunity Start','2019-06-10 10:54:24','2019-06-10 10:54:24','26402598-50be-ec49-1490-51028469b0e9','26402598-50be-ec49-1490-51028469b0e9',NULL,0,'1','1',NULL,'01. Opportunity Start',1,40,4,'467fb2a6-fcc9-11e6-b7a6-5254009e5526');
INSERT INTO `dri_subworkflow_templates` VALUES ('629bcd14-5b23-11e6-a88f-5254009e5526','Prospecting','2019-06-10 10:54:24','2019-06-10 10:54:24','26402598-50be-ec49-1490-51028469b0e9','26402598-50be-ec49-1490-51028469b0e9',NULL,0,'1','1',NULL,'01. Prospecting',1,0,0,'57daaef6-5b1c-11e6-a4fe-5254009e5526');
INSERT INTO `dri_subworkflow_templates` VALUES ('6839fc62-6f57-11e6-a53c-5254009e5526','Test Newsletter Content','2019-06-10 10:54:24','2019-06-10 10:54:24','26402598-50be-ec49-1490-51028469b0e9','26402598-50be-ec49-1490-51028469b0e9',NULL,0,'1','1',NULL,'02. Test Newsletter Content',2,40,4,'ceef2f14-6f56-11e6-8f28-5254009e5526');
INSERT INTO `dri_subworkflow_templates` VALUES ('6ad46838-5b23-11e6-9708-5254009e5526','Qualification','2019-06-10 10:54:24','2019-06-10 10:54:24','26402598-50be-ec49-1490-51028469b0e9','26402598-50be-ec49-1490-51028469b0e9',NULL,0,'1','1',NULL,'02. Qualification',2,10,1,'57daaef6-5b1c-11e6-a4fe-5254009e5526');
INSERT INTO `dri_subworkflow_templates` VALUES ('6edde9ca-fcc9-11e6-8130-5254009e5526','Present Solution','2019-06-10 10:54:24','2019-06-10 10:54:24','26402598-50be-ec49-1490-51028469b0e9','26402598-50be-ec49-1490-51028469b0e9',NULL,0,'1','1',NULL,'02. Present Solution',2,50,5,'467fb2a6-fcc9-11e6-b7a6-5254009e5526');
INSERT INTO `dri_subworkflow_templates` VALUES ('6ef86f54-5b23-11e6-a585-5254009e5526','Needs Analysis','2019-06-10 10:54:24','2019-06-10 10:54:24','26402598-50be-ec49-1490-51028469b0e9','26402598-50be-ec49-1490-51028469b0e9',NULL,0,'1','1',NULL,'03. Needs Analysis',3,20,2,'57daaef6-5b1c-11e6-a4fe-5254009e5526');
INSERT INTO `dri_subworkflow_templates` VALUES ('73787c86-5b23-11e6-b5d4-5254009e5526','Value Proposition','2019-06-10 10:54:24','2019-06-10 10:54:24','26402598-50be-ec49-1490-51028469b0e9','26402598-50be-ec49-1490-51028469b0e9',NULL,0,'1','1',NULL,'05. Value Proposition',5,10,1,'57daaef6-5b1c-11e6-a4fe-5254009e5526');
INSERT INTO `dri_subworkflow_templates` VALUES ('755a0e64-fcc9-11e6-81ea-5254009e5526','Close Deal','2019-06-10 10:54:24','2019-06-10 10:54:24','26402598-50be-ec49-1490-51028469b0e9','26402598-50be-ec49-1490-51028469b0e9',NULL,0,'1','1',NULL,'03. Close Deal',3,30,3,'467fb2a6-fcc9-11e6-b7a6-5254009e5526');
INSERT INTO `dri_subworkflow_templates` VALUES ('771db658-5b23-11e6-b936-5254009e5526','Id. Decision Makers','2019-06-10 10:54:24','2019-06-10 10:54:24','26402598-50be-ec49-1490-51028469b0e9','26402598-50be-ec49-1490-51028469b0e9',NULL,0,'1','1',NULL,'04. Id. Decision Makers',4,10,1,'57daaef6-5b1c-11e6-a4fe-5254009e5526');
INSERT INTO `dri_subworkflow_templates` VALUES ('7a9e265a-5b23-11e6-bc07-5254009e5526','Perception Analysis','2019-06-10 10:54:24','2019-06-10 10:54:24','26402598-50be-ec49-1490-51028469b0e9','26402598-50be-ec49-1490-51028469b0e9',NULL,0,'1','1',NULL,'06. Perception Analysis',6,20,2,'57daaef6-5b1c-11e6-a4fe-5254009e5526');
INSERT INTO `dri_subworkflow_templates` VALUES ('7f8da2c6-5b23-11e6-8429-5254009e5526','Proposal/Price Quote','2019-06-10 10:54:24','2019-06-10 10:54:24','26402598-50be-ec49-1490-51028469b0e9','26402598-50be-ec49-1490-51028469b0e9',NULL,0,'1','1',NULL,'07. Proposal/Price Quote',7,20,2,'57daaef6-5b1c-11e6-a4fe-5254009e5526');
INSERT INTO `dri_subworkflow_templates` VALUES ('82139a08-6f66-11e6-a563-5254009e5526','Lead Management','2019-06-10 10:54:24','2019-06-10 10:54:24','26402598-50be-ec49-1490-51028469b0e9','26402598-50be-ec49-1490-51028469b0e9',NULL,0,'1','1',NULL,'03. Lead Management',3,30,3,'f4dd8362-6f63-11e6-9f30-5254009e5526');
INSERT INTO `dri_subworkflow_templates` VALUES ('82f95d60-5b23-11e6-abee-5254009e5526','Negotiation/Review','2019-06-10 10:54:24','2019-06-10 10:54:24','26402598-50be-ec49-1490-51028469b0e9','26402598-50be-ec49-1490-51028469b0e9',NULL,0,'1','1',NULL,'08. Negotiation/Review',8,0,0,'57daaef6-5b1c-11e6-a4fe-5254009e5526');
INSERT INTO `dri_subworkflow_templates` VALUES ('880f226c-5b23-11e6-b746-5254009e5526','Decision','2019-06-10 10:54:24','2019-06-10 10:54:24','26402598-50be-ec49-1490-51028469b0e9','26402598-50be-ec49-1490-51028469b0e9',NULL,0,'1','1',NULL,'09. Decision',9,10,1,'57daaef6-5b1c-11e6-a4fe-5254009e5526');
INSERT INTO `dri_subworkflow_templates` VALUES ('9a4b132c-5ee9-11e6-9456-5254009e5526','Case Allocation','2019-06-10 10:54:24','2019-06-10 10:54:24','26402598-50be-ec49-1490-51028469b0e9','26402598-50be-ec49-1490-51028469b0e9',NULL,0,'1','1',NULL,'01. Case Allocation',1,20,2,'241ed50e-5ee8-11e6-ad9d-5254009e5526');
INSERT INTO `dri_subworkflow_templates` VALUES ('ac343258-869d-11e7-8922-5254009e5526','Processes Using Personal Data','2019-06-10 10:54:24','2019-06-10 10:54:24','26402598-50be-ec49-1490-51028469b0e9','26402598-50be-ec49-1490-51028469b0e9','One approach to aiding in GDPR compliance is to document aspects of data, permission and data usage for personal data per operational system that contains such information and then to consolidate it - per system - into the CRM.  That is what this first stage does.  For each system, the different aspects are collected and attached automatically to each individual (client).    One task per operational system with a standard series of subtasks.      In production, you would modify/extend these to match the setup within your organization.',0,'1','1',NULL,'01. Processes Using Personal Data',1,200,25,'74c487f0-869d-11e7-81da-5254009e5526');
INSERT INTO `dri_subworkflow_templates` VALUES ('b55f1554-6f57-11e6-960c-5254009e5526','Newsletter Sending','2019-06-10 10:54:24','2019-06-10 10:54:24','26402598-50be-ec49-1490-51028469b0e9','26402598-50be-ec49-1490-51028469b0e9',NULL,0,'1','1',NULL,'03. Newsletter Sending',3,20,2,'ceef2f14-6f56-11e6-8f28-5254009e5526');
INSERT INTO `dri_subworkflow_templates` VALUES ('b667519c-5ee9-11e6-8fb9-5254009e5526','Issue Identification','2019-06-10 10:54:24','2019-06-10 10:54:24','26402598-50be-ec49-1490-51028469b0e9','26402598-50be-ec49-1490-51028469b0e9',NULL,0,'1','1',NULL,'02. Issue Identification',2,50,5,'241ed50e-5ee8-11e6-ad9d-5254009e5526');
INSERT INTO `dri_subworkflow_templates` VALUES ('bb3c1f84-f838-11e6-b5aa-5254009e5526','Lead Qualification','2019-06-10 10:54:24','2019-06-10 10:54:24','26402598-50be-ec49-1490-51028469b0e9','26402598-50be-ec49-1490-51028469b0e9',NULL,0,'1','1',NULL,'01. Lead Qualification',1,60,6,'6c671044-f838-11e6-90aa-5254009e5526');
INSERT INTO `dri_subworkflow_templates` VALUES ('c1091dba-5ee9-11e6-8949-5254009e5526','Technical Resolution','2019-06-10 10:54:24','2019-06-10 10:54:24','26402598-50be-ec49-1490-51028469b0e9','26402598-50be-ec49-1490-51028469b0e9',NULL,0,'1','1',NULL,'03. Technical Resolution',3,60,6,'241ed50e-5ee8-11e6-ad9d-5254009e5526');
INSERT INTO `dri_subworkflow_templates` VALUES ('d6178484-6f57-11e6-838a-5254009e5526','Redemption Monitor & Reports','2019-06-10 10:54:24','2019-06-10 10:54:24','26402598-50be-ec49-1490-51028469b0e9','26402598-50be-ec49-1490-51028469b0e9',NULL,0,'1','1',NULL,'04. Redemption Monitor & Reports',4,10,1,'ceef2f14-6f56-11e6-8f28-5254009e5526');
INSERT INTO `dri_subworkflow_templates` VALUES ('f25af636-869d-11e7-acd9-5254009e5526','Data Subject Requests','2019-06-10 10:54:24','2019-06-10 10:54:24','26402598-50be-ec49-1490-51028469b0e9','26402598-50be-ec49-1490-51028469b0e9','According to the EU GDPR, a data subject has the right to request certain actions about their data that you have captured.    These are documented in specific Articles.   In this stage, the different types of actions are documented.  There is one task for each type of request, referenced by it\'s Article number.   Under each task is a series of subtasks to ensure the request has been captured and satisfied.   These Articles and subtasks can be changed or extended to suit the way your organization wishes to follow up on such requests.',0,'1','1',NULL,'02. Data Subject Requests',2,240,30,'74c487f0-869d-11e7-81da-5254009e5526');
INSERT INTO `dri_subworkflow_templates` VALUES ('f525e55c-f835-11e6-bd49-5254009e5526','Q1','2019-06-10 10:54:24','2019-06-10 10:54:24','26402598-50be-ec49-1490-51028469b0e9','26402598-50be-ec49-1490-51028469b0e9',NULL,0,'1','1',NULL,'01. Q1',1,50,5,'ea1ecdea-f835-11e6-b8bd-5254009e5526');
INSERT INTO `dri_subworkflow_templates` VALUES ('fbe7b73a-f835-11e6-9f29-5254009e5526','Q2','2019-06-10 10:54:24','2019-06-10 10:54:24','26402598-50be-ec49-1490-51028469b0e9','26402598-50be-ec49-1490-51028469b0e9',NULL,0,'1','1',NULL,'02. Q2',2,50,5,'ea1ecdea-f835-11e6-b8bd-5254009e5526');
/*!40000 ALTER TABLE `dri_subworkflow_templates` ENABLE KEYS */;
UNLOCK TABLES;
DROP TABLE IF EXISTS `dri_subworkflows`;
/*!40101 SET @saved_cs_client     = @@character_set_client */;
/*!40101 SET character_set_client = utf8 */;
CREATE TABLE `dri_subworkflows` (
  `id` char(36) NOT NULL,
  `name` varchar(30) DEFAULT NULL,
  `date_entered` datetime DEFAULT NULL,
  `date_modified` datetime DEFAULT NULL,
  `modified_user_id` char(36) DEFAULT NULL,
  `created_by` char(36) DEFAULT NULL,
  `description` text,
  `deleted` tinyint(1) DEFAULT '0',
  `team_id` char(36) DEFAULT NULL,
  `team_set_id` char(36) DEFAULT NULL,
  `acl_team_set_id` char(36) DEFAULT NULL,
  `assigned_user_id` char(36) DEFAULT NULL,
  `label` varchar(255) DEFAULT NULL,
  `state` varchar(255) DEFAULT 'not_started',
  `progress` float DEFAULT '0',
  `momentum_ratio` float DEFAULT '1',
  `score` int(8) DEFAULT NULL,
  `points` int(8) DEFAULT NULL,
  `momentum_points` int(8) DEFAULT '0',
  `momentum_score` int(8) DEFAULT '0',
  `sort_order` int(8) DEFAULT '1',
  `date_started` datetime DEFAULT NULL,
  `date_completed` datetime DEFAULT NULL,
  `dri_subworkflow_template_id` char(36) DEFAULT NULL,
  `dri_workflow_id` char(36) DEFAULT NULL,
  PRIMARY KEY (`id`),
  KEY `idx_dri_subworkflows_date_modfied` (`date_modified`),
  KEY `idx_dri_subworkflows_id_del` (`id`,`deleted`),
  KEY `idx_dri_subworkflows_date_entered` (`date_entered`),
  KEY `idx_dri_subworkflows_name_del` (`name`,`deleted`),
  KEY `idx_dri_subworkflows_tmst_id` (`team_set_id`),
  KEY `idx_dri_subworkflows_assigned_del` (`assigned_user_id`,`deleted`),
  KEY `idx_cj_stage_org_tpl_id` (`dri_subworkflow_template_id`),
  KEY `idx_cj_stage_parent_journey_id` (`dri_workflow_id`)
) ENGINE=InnoDB DEFAULT CHARSET=utf8;
/*!40101 SET character_set_client = @saved_cs_client */;

LOCK TABLES `dri_subworkflows` WRITE;
/*!40000 ALTER TABLE `dri_subworkflows` DISABLE KEYS */;
/*!40000 ALTER TABLE `dri_subworkflows` ENABLE KEYS */;
UNLOCK TABLES;
DROP TABLE IF EXISTS `dri_subworkflows_audit`;
/*!40101 SET @saved_cs_client     = @@character_set_client */;
/*!40101 SET character_set_client = utf8 */;
CREATE TABLE `dri_subworkflows_audit` (
  `id` char(36) NOT NULL,
  `parent_id` char(36) NOT NULL,
  `event_id` char(36) NOT NULL,
  `date_created` datetime DEFAULT NULL,
  `created_by` char(36) DEFAULT NULL,
  `date_updated` datetime DEFAULT NULL,
  `field_name` varchar(100) DEFAULT NULL,
  `data_type` varchar(100) DEFAULT NULL,
  `before_value_string` varchar(255) DEFAULT NULL,
  `after_value_string` varchar(255) DEFAULT NULL,
  `before_value_text` text,
  `after_value_text` text,
  PRIMARY KEY (`id`),
  KEY `idx_dri_subworkflows_audit_parent_id` (`parent_id`),
  KEY `idx_dri_subworkflows_audit_event_id` (`event_id`),
  KEY `idx_dri_subworkflows_audit_pa_ev_id` (`parent_id`,`event_id`),
  KEY `idx_dri_subworkflows_audit_after_value` (`after_value_string`)
) ENGINE=InnoDB DEFAULT CHARSET=utf8;
/*!40101 SET character_set_client = @saved_cs_client */;

LOCK TABLES `dri_subworkflows_audit` WRITE;
/*!40000 ALTER TABLE `dri_subworkflows_audit` DISABLE KEYS */;
/*!40000 ALTER TABLE `dri_subworkflows_audit` ENABLE KEYS */;
UNLOCK TABLES;
DROP TABLE IF EXISTS `dri_workflow_task_templates`;
/*!40101 SET @saved_cs_client     = @@character_set_client */;
/*!40101 SET character_set_client = utf8 */;
CREATE TABLE `dri_workflow_task_templates` (
  `id` char(36) NOT NULL,
  `name` varchar(50) DEFAULT NULL,
  `date_entered` datetime DEFAULT NULL,
  `date_modified` datetime DEFAULT NULL,
  `modified_user_id` char(36) DEFAULT NULL,
  `created_by` char(36) DEFAULT NULL,
  `description` text,
  `deleted` tinyint(1) DEFAULT '0',
  `team_id` char(36) DEFAULT NULL,
  `team_set_id` char(36) DEFAULT NULL,
  `acl_team_set_id` char(36) DEFAULT NULL,
  `task_due_date_type` varchar(255) DEFAULT NULL,
  `momentum_start_type` varchar(255) DEFAULT NULL,
  `due_date_module` varchar(255) DEFAULT NULL,
  `due_date_field` varchar(255) DEFAULT NULL,
  `momentum_start_module` varchar(255) DEFAULT NULL,
  `momentum_start_field` varchar(255) DEFAULT NULL,
  `priority` varchar(100) DEFAULT 'Medium',
  `type` varchar(255) DEFAULT 'customer_task',
  `activity_type` varchar(255) DEFAULT 'Tasks',
  `duration_minutes` varchar(2) DEFAULT '0',
  `direction` varchar(100) DEFAULT 'Outbound',
  `points` int(3) DEFAULT '10',
  `momentum_points` int(8) DEFAULT '100',
  `send_invites` varchar(255) DEFAULT 'none',
  `time_of_day` varchar(255) DEFAULT '12:00',
  `sort_order` varchar(255) DEFAULT '1',
  `task_due_days` int(8) DEFAULT NULL,
  `momentum_due_days` int(8) DEFAULT NULL,
  `momentum_due_hours` int(8) DEFAULT NULL,
  `duration_hours` int(3) DEFAULT '1',
  `is_parent` tinyint(1) DEFAULT '0',
  `blocked_by` text,
  `dri_subworkflow_template_id` char(36) DEFAULT NULL,
  `dri_workflow_template_id` char(36) DEFAULT NULL,
  `blocked_by_id` char(36) DEFAULT NULL,
  `parent_id` char(36) DEFAULT NULL,
  PRIMARY KEY (`id`),
  KEY `idx_dri_workflow_task_templates_date_modfied` (`date_modified`),
  KEY `idx_dri_workflow_task_templates_id_del` (`id`,`deleted`),
  KEY `idx_dri_workflow_task_templates_date_entered` (`date_entered`),
  KEY `idx_dri_workflow_task_templates_name_del` (`name`,`deleted`),
  KEY `idx_dri_workflow_task_templates_tmst_id` (`team_set_id`),
  KEY `idx_cj_act_tpl_stage_tpl_id` (`dri_subworkflow_template_id`),
  KEY `idx_cj_act_tpl_jry_tpl_id` (`dri_workflow_template_id`),
  KEY `idx_cj_act_tpl_blocked_by_id` (`blocked_by_id`),
  KEY `idx_cj_act_tpl_parent_id` (`parent_id`)
) ENGINE=InnoDB DEFAULT CHARSET=utf8;
/*!40101 SET character_set_client = @saved_cs_client */;

LOCK TABLES `dri_workflow_task_templates` WRITE;
/*!40000 ALTER TABLE `dri_workflow_task_templates` DISABLE KEYS */;
INSERT INTO `dri_workflow_task_templates` VALUES ('00752854-86a3-11e7-b743-5254009e5526','Marketing Automation System','2019-06-10 10:54:24','2019-06-10 10:54:24','26402598-50be-ec49-1490-51028469b0e9','26402598-50be-ec49-1490-51028469b0e9',NULL,0,'1','1',NULL,NULL,NULL,NULL,NULL,NULL,NULL,'Medium','automatic_task','Tasks','0','Outbound',40,100,'none','12:00','3',0,NULL,NULL,1,1,NULL,'ac343258-869d-11e7-8922-5254009e5526','74c487f0-869d-11e7-81da-5254009e5526',NULL,NULL);
INSERT INTO `dri_workflow_task_templates` VALUES ('027f7898-f837-11e6-9f20-5254009e5526','Review Q2 completed','2019-06-10 10:54:24','2019-06-10 10:54:24','26402598-50be-ec49-1490-51028469b0e9','26402598-50be-ec49-1490-51028469b0e9',NULL,0,'1','1',NULL,'days_from_previous_activity_completed',NULL,NULL,NULL,NULL,NULL,'Medium','milestone','Tasks','0','Outbound',10,100,'none','12:00','5',1,NULL,NULL,1,0,NULL,'fbe7b73a-f835-11e6-9f29-5254009e5526','ea1ecdea-f835-11e6-b8bd-5254009e5526',NULL,NULL);
INSERT INTO `dri_workflow_task_templates` VALUES ('044c9a84-6f66-11e6-b5cf-5254009e5526','Target?','2019-06-10 10:54:24','2019-06-10 10:54:24','26402598-50be-ec49-1490-51028469b0e9','26402598-50be-ec49-1490-51028469b0e9',NULL,0,'1','1',NULL,'days_from_created',NULL,NULL,NULL,NULL,NULL,'High','internal_task','Tasks','0','Outbound',10,100,'none','12:00','2',1,NULL,NULL,1,0,'[\"e7e50020-6f65-11e6-91c6-5254009e5526\"]','0369bfea-6f64-11e6-b835-5254009e5526','f4dd8362-6f63-11e6-9f30-5254009e5526',NULL,NULL);
INSERT INTO `dri_workflow_task_templates` VALUES ('04b5e4ba-5eec-11e6-a411-5254009e5526','Identify issue category','2019-06-10 10:54:24','2019-06-10 10:54:24','26402598-50be-ec49-1490-51028469b0e9','26402598-50be-ec49-1490-51028469b0e9',NULL,0,'1','1',NULL,'days_from_stage_started',NULL,NULL,NULL,NULL,NULL,'Medium','internal_task','Tasks','0','Outbound',10,100,'none','12:00','1',2,NULL,NULL,1,0,'[\"84fc3022-5eea-11e6-887e-5254009e5526\"]','b667519c-5ee9-11e6-8fb9-5254009e5526','241ed50e-5ee8-11e6-ad9d-5254009e5526',NULL,NULL);
INSERT INTO `dri_workflow_task_templates` VALUES ('0616b620-9bb1-11e6-abb1-5254009e5526','Confirm Ninja registry','2019-06-10 10:54:24','2019-06-10 10:54:24','26402598-50be-ec49-1490-51028469b0e9','26402598-50be-ec49-1490-51028469b0e9',NULL,0,'1','1',NULL,'days_from_created',NULL,NULL,NULL,NULL,NULL,'Medium','internal_task','Tasks','0','Outbound',10,100,'none','12:00','5',1,NULL,NULL,1,0,NULL,'04c555b6-9bb0-11e6-a889-5254009e5526','95ce91b8-9baf-11e6-8e72-5254009e5526',NULL,NULL);
INSERT INTO `dri_workflow_task_templates` VALUES ('062d3b3e-a9d4-11e7-98de-5254009e5526','A20 Generate Report','2019-06-10 10:54:24','2019-06-10 10:54:24','26402598-50be-ec49-1490-51028469b0e9','26402598-50be-ec49-1490-51028469b0e9',NULL,0,'1','1',NULL,NULL,NULL,NULL,NULL,NULL,NULL,'Medium','internal_task','Tasks','0','Outbound',10,100,'none','12:00','5.2',0,NULL,NULL,1,0,'[]','f25af636-869d-11e7-acd9-5254009e5526','74c487f0-869d-11e7-81da-5254009e5526',NULL,'7112ffa0-869e-11e7-b45d-5254009e5526');
INSERT INTO `dri_workflow_task_templates` VALUES ('06747aae-93d5-11e7-ad59-5254009e5526','A18 Authorize Sending','2019-06-10 10:54:24','2019-06-10 10:54:24','26402598-50be-ec49-1490-51028469b0e9','26402598-50be-ec49-1490-51028469b0e9',NULL,0,'1','1',NULL,NULL,NULL,NULL,NULL,NULL,NULL,'Medium','internal_task','Tasks','0','Outbound',10,100,'none','12:00','4.3',0,NULL,NULL,1,0,NULL,'f25af636-869d-11e7-acd9-5254009e5526','74c487f0-869d-11e7-81da-5254009e5526',NULL,'59dab896-869e-11e7-a490-5254009e5526');
INSERT INTO `dri_workflow_task_templates` VALUES ('0c0070ca-869e-11e7-b129-5254009e5526','Article 12: Request Information','2019-06-10 10:54:24','2019-06-10 10:54:24','26402598-50be-ec49-1490-51028469b0e9','26402598-50be-ec49-1490-51028469b0e9','Article 12 is about the transparent information, communication and modalities for the exercise of the rights of the data subject.',0,'1','1',NULL,NULL,NULL,NULL,NULL,NULL,NULL,'Medium','customer_task','Tasks','0','Outbound',40,100,'none','12:00','1',0,NULL,NULL,1,1,'[]','f25af636-869d-11e7-acd9-5254009e5526','74c487f0-869d-11e7-81da-5254009e5526',NULL,NULL);
INSERT INTO `dri_workflow_task_templates` VALUES ('0d824ec6-6f59-11e6-8a29-5254009e5526','Newsletter Html uploaded','2019-06-10 10:54:24','2019-06-10 10:54:24','26402598-50be-ec49-1490-51028469b0e9','26402598-50be-ec49-1490-51028469b0e9',NULL,0,'1','1',NULL,NULL,NULL,NULL,NULL,NULL,NULL,'Medium','internal_task','Tasks','0','Outbound',10,100,'none','12:00','2',0,NULL,NULL,1,0,'[\"dbe88326-6f58-11e6-b3ec-5254009e5526\"]','6839fc62-6f57-11e6-a53c-5254009e5526','ceef2f14-6f56-11e6-8f28-5254009e5526',NULL,NULL);
INSERT INTO `dri_workflow_task_templates` VALUES ('0e932846-86a3-11e7-a448-5254009e5526','Credit Scoring System','2019-06-10 10:54:24','2019-06-10 10:54:24','26402598-50be-ec49-1490-51028469b0e9','26402598-50be-ec49-1490-51028469b0e9',NULL,0,'1','1',NULL,NULL,NULL,NULL,NULL,NULL,NULL,'Medium','automatic_task','Tasks','0','Outbound',40,100,'none','12:00','4',0,NULL,NULL,1,1,NULL,'ac343258-869d-11e7-8922-5254009e5526','74c487f0-869d-11e7-81da-5254009e5526',NULL,NULL);
INSERT INTO `dri_workflow_task_templates` VALUES ('102bacfe-f838-11e6-a213-5254009e5526','Contract meeting and final negotation','2019-06-10 10:54:24','2019-06-10 10:54:24','26402598-50be-ec49-1490-51028469b0e9','26402598-50be-ec49-1490-51028469b0e9',NULL,0,'1','1',NULL,'days_from_previous_activity_completed',NULL,NULL,NULL,NULL,NULL,'Medium','customer_task','Tasks','0','Outbound',10,100,'none','12:00','7',1,NULL,NULL,1,0,NULL,'080ba30a-f836-11e6-af76-5254009e5526','ea1ecdea-f835-11e6-b8bd-5254009e5526',NULL,NULL);
INSERT INTO `dri_workflow_task_templates` VALUES ('11c7ffd6-6f58-11e6-9226-5254009e5526','Newsletter Content Definition','2019-06-10 10:54:24','2019-06-10 10:54:24','26402598-50be-ec49-1490-51028469b0e9','26402598-50be-ec49-1490-51028469b0e9',NULL,0,'1','1',NULL,NULL,NULL,NULL,NULL,NULL,NULL,'Medium','customer_task','Tasks','0','Outbound',10,100,'none','12:00','1',0,NULL,NULL,1,0,NULL,'08286af2-6f57-11e6-83fa-5254009e5526','ceef2f14-6f56-11e6-8f28-5254009e5526',NULL,NULL);
INSERT INTO `dri_workflow_task_templates` VALUES ('133e5656-93d5-11e7-beee-5254009e5526','A18 Send Information & Log','2019-06-10 10:54:24','2019-06-10 10:54:24','26402598-50be-ec49-1490-51028469b0e9','26402598-50be-ec49-1490-51028469b0e9',NULL,0,'1','1',NULL,NULL,NULL,NULL,NULL,NULL,NULL,'Medium','internal_task','Tasks','0','Outbound',10,100,'none','12:00','4.4',0,NULL,NULL,1,0,NULL,'f25af636-869d-11e7-acd9-5254009e5526','74c487f0-869d-11e7-81da-5254009e5526',NULL,'59dab896-869e-11e7-a490-5254009e5526');
INSERT INTO `dri_workflow_task_templates` VALUES ('1459d08a-fcca-11e6-98d3-5254009e5526','Send propsale / quotation','2019-06-10 10:54:24','2019-06-10 10:54:24','26402598-50be-ec49-1490-51028469b0e9','26402598-50be-ec49-1490-51028469b0e9',NULL,0,'1','1',NULL,'days_from_previous_activity_completed',NULL,NULL,NULL,NULL,NULL,'High','internal_task','Tasks','0','Outbound',10,100,'none','12:00','2',1,NULL,NULL,1,0,'[\"f535684a-fcc9-11e6-803f-5254009e5526\"]','6edde9ca-fcc9-11e6-8130-5254009e5526','467fb2a6-fcc9-11e6-b7a6-5254009e5526',NULL,NULL);
INSERT INTO `dri_workflow_task_templates` VALUES ('15ceb5e0-a9d4-11e7-a008-5254009e5526','A20 Capture and confirm Request','2019-06-10 10:54:24','2019-06-10 10:54:24','26402598-50be-ec49-1490-51028469b0e9','26402598-50be-ec49-1490-51028469b0e9',NULL,0,'1','1',NULL,NULL,NULL,NULL,NULL,NULL,NULL,'Medium','internal_task','Tasks','0','Outbound',10,100,'none','12:00','5.1',0,NULL,NULL,1,0,'[]','f25af636-869d-11e7-acd9-5254009e5526','74c487f0-869d-11e7-81da-5254009e5526',NULL,'7112ffa0-869e-11e7-b45d-5254009e5526');
INSERT INTO `dri_workflow_task_templates` VALUES ('1a972264-f837-11e6-8694-5254009e5526','Check status, support and turnover','2019-06-10 10:54:24','2019-06-10 10:54:24','26402598-50be-ec49-1490-51028469b0e9','26402598-50be-ec49-1490-51028469b0e9',NULL,0,'1','1',NULL,'days_from_stage_started',NULL,NULL,NULL,NULL,NULL,'Medium','internal_task','Tasks','0','Outbound',10,100,'none','12:00','1',1,NULL,NULL,1,0,NULL,'01a62f80-f836-11e6-b51e-5254009e5526','ea1ecdea-f835-11e6-b8bd-5254009e5526',NULL,NULL);
INSERT INTO `dri_workflow_task_templates` VALUES ('1a9b6d00-f838-11e6-b7da-5254009e5526','Contract signed','2019-06-10 10:54:24','2019-06-10 10:54:24','26402598-50be-ec49-1490-51028469b0e9','26402598-50be-ec49-1490-51028469b0e9',NULL,0,'1','1',NULL,NULL,NULL,NULL,NULL,NULL,NULL,'Medium','milestone','Tasks','0','Outbound',10,100,'none','12:00','8',0,NULL,NULL,1,0,NULL,'080ba30a-f836-11e6-af76-5254009e5526','ea1ecdea-f835-11e6-b8bd-5254009e5526',NULL,NULL);
INSERT INTO `dri_workflow_task_templates` VALUES ('1cbe3faa-86a3-11e7-b12c-5254009e5526','Support System','2019-06-10 10:54:24','2019-06-10 10:54:24','26402598-50be-ec49-1490-51028469b0e9','26402598-50be-ec49-1490-51028469b0e9',NULL,0,'1','1',NULL,NULL,NULL,NULL,NULL,NULL,NULL,'Medium','automatic_task','Tasks','0','Outbound',40,100,'none','12:00','5',0,NULL,NULL,1,1,NULL,'ac343258-869d-11e7-8922-5254009e5526','74c487f0-869d-11e7-81da-5254009e5526',NULL,NULL);
INSERT INTO `dri_workflow_task_templates` VALUES ('1dcbf636-5ef3-11e6-bed8-5254009e5526','Identify Issue Resolution','2019-06-10 10:54:24','2019-06-10 10:54:24','26402598-50be-ec49-1490-51028469b0e9','26402598-50be-ec49-1490-51028469b0e9',NULL,0,'1','1',NULL,'days_from_stage_started',NULL,NULL,NULL,NULL,NULL,'Medium','internal_task','Tasks','0','Outbound',10,100,'none','12:00','2',3,NULL,NULL,1,0,'[\"cc131fc0-5eef-11e6-b5f1-5254009e5526\"]','c1091dba-5ee9-11e6-8949-5254009e5526','241ed50e-5ee8-11e6-ad9d-5254009e5526',NULL,NULL);
INSERT INTO `dri_workflow_task_templates` VALUES ('1f87c1de-9bb2-11e6-b685-5254009e5526','Training & supplies complete','2019-06-10 10:54:24','2019-06-10 10:54:24','26402598-50be-ec49-1490-51028469b0e9','26402598-50be-ec49-1490-51028469b0e9','Move to phase 3',0,'1','1',NULL,NULL,NULL,NULL,NULL,NULL,NULL,'Medium','milestone','Tasks','0','Outbound',10,100,'none','12:00','7',0,NULL,NULL,1,0,NULL,'3560f770-9bb0-11e6-bd59-5254009e5526','95ce91b8-9baf-11e6-8e72-5254009e5526',NULL,NULL);
INSERT INTO `dri_workflow_task_templates` VALUES ('216c5012-6f59-11e6-ade5-5254009e5526','Newsletter test send','2019-06-10 10:54:24','2019-06-10 10:54:24','26402598-50be-ec49-1490-51028469b0e9','26402598-50be-ec49-1490-51028469b0e9',NULL,0,'1','1',NULL,NULL,NULL,NULL,NULL,NULL,NULL,'Medium','internal_task','Tasks','0','Outbound',10,100,'none','12:00','3',0,NULL,NULL,1,0,'[\"0d824ec6-6f59-11e6-8a29-5254009e5526\"]','6839fc62-6f57-11e6-a53c-5254009e5526','ceef2f14-6f56-11e6-8f28-5254009e5526',NULL,NULL);
INSERT INTO `dri_workflow_task_templates` VALUES ('2366cfda-a9d4-11e7-8f1a-5254009e5526','A20 Authorize Sending','2019-06-10 10:54:24','2019-06-10 10:54:24','26402598-50be-ec49-1490-51028469b0e9','26402598-50be-ec49-1490-51028469b0e9',NULL,0,'1','1',NULL,NULL,NULL,NULL,NULL,NULL,NULL,'Medium','internal_task','Tasks','0','Outbound',10,100,'none','12:00','5.3',0,NULL,NULL,1,0,NULL,'f25af636-869d-11e7-acd9-5254009e5526','74c487f0-869d-11e7-81da-5254009e5526',NULL,'7112ffa0-869e-11e7-b45d-5254009e5526');
INSERT INTO `dri_workflow_task_templates` VALUES ('25ad35e0-f836-11e6-bb75-5254009e5526','Check status, support and turnover','2019-06-10 10:54:24','2019-06-10 10:54:24','26402598-50be-ec49-1490-51028469b0e9','26402598-50be-ec49-1490-51028469b0e9',NULL,0,'1','1',NULL,'days_from_stage_started',NULL,NULL,NULL,NULL,NULL,'Medium','internal_task','Tasks','0','Outbound',10,100,'none','12:00','1',1,NULL,NULL,1,0,NULL,'f525e55c-f835-11e6-bd49-5254009e5526','ea1ecdea-f835-11e6-b8bd-5254009e5526',NULL,NULL);
INSERT INTO `dri_workflow_task_templates` VALUES ('274a6b36-f839-11e6-9f50-5254009e5526','Gather Customer requirements and needs','2019-06-10 10:54:24','2019-06-10 10:54:24','26402598-50be-ec49-1490-51028469b0e9','26402598-50be-ec49-1490-51028469b0e9',NULL,0,'1','1',NULL,'days_from_previous_activity_completed',NULL,NULL,NULL,NULL,NULL,'Medium','customer_task','Tasks','0','Outbound',10,100,'none','12:00','2',1,NULL,NULL,1,0,NULL,'bb3c1f84-f838-11e6-b5aa-5254009e5526','6c671044-f838-11e6-90aa-5254009e5526',NULL,NULL);
INSERT INTO `dri_workflow_task_templates` VALUES ('277e9426-f837-11e6-87e5-5254009e5526','Book Q3 meeting','2019-06-10 10:54:24','2019-06-10 10:54:24','26402598-50be-ec49-1490-51028469b0e9','26402598-50be-ec49-1490-51028469b0e9',NULL,0,'1','1',NULL,'days_from_previous_activity_completed',NULL,NULL,NULL,NULL,NULL,'Medium','internal_task','Tasks','0','Outbound',10,100,'none','12:00','2',1,NULL,NULL,1,0,'[\"1a972264-f837-11e6-8694-5254009e5526\"]','01a62f80-f836-11e6-b51e-5254009e5526','ea1ecdea-f835-11e6-b8bd-5254009e5526',NULL,NULL);
INSERT INTO `dri_workflow_task_templates` VALUES ('2ab3447a-869e-11e7-afc1-5254009e5526','Article 16: Rectification Request','2019-06-10 10:54:24','2019-06-10 10:54:24','26402598-50be-ec49-1490-51028469b0e9','26402598-50be-ec49-1490-51028469b0e9','Article 14 refers to the Right to rectification',0,'1','1',NULL,NULL,NULL,NULL,NULL,NULL,NULL,'Medium','customer_task','Tasks','0','Outbound',40,100,'none','12:00','2',0,NULL,NULL,1,1,NULL,'f25af636-869d-11e7-acd9-5254009e5526','74c487f0-869d-11e7-81da-5254009e5526',NULL,NULL);
INSERT INTO `dri_workflow_task_templates` VALUES ('2bcba048-93da-11e7-8d41-5254009e5526','Pay Personal Data List','2019-06-10 10:54:24','2019-06-10 10:54:24','26402598-50be-ec49-1490-51028469b0e9','26402598-50be-ec49-1490-51028469b0e9',NULL,0,'1','1',NULL,NULL,NULL,NULL,NULL,NULL,NULL,'Medium','automatic_task','Tasks','0','Outbound',10,100,'none','12:00','2.4',0,NULL,NULL,1,0,'[]','ac343258-869d-11e7-8922-5254009e5526','74c487f0-869d-11e7-81da-5254009e5526',NULL,'f46f71fe-86a2-11e7-8268-5254009e5526');
INSERT INTO `dri_workflow_task_templates` VALUES ('2f32e9a0-fcca-11e6-a9cf-5254009e5526','Confirm Short Shortlist','2019-06-10 10:54:24','2019-06-10 10:54:24','26402598-50be-ec49-1490-51028469b0e9','26402598-50be-ec49-1490-51028469b0e9',NULL,0,'1','1',NULL,'days_from_previous_activity_completed',NULL,NULL,NULL,NULL,NULL,'Medium','milestone','Tasks','0','Outbound',10,100,'none','12:00','3',1,NULL,NULL,1,0,NULL,'6edde9ca-fcc9-11e6-8130-5254009e5526','467fb2a6-fcc9-11e6-b7a6-5254009e5526',NULL,NULL);
INSERT INTO `dri_workflow_task_templates` VALUES ('3208b340-93dc-11e7-9432-5254009e5526','Breach Confirmation','2019-06-10 10:54:24','2019-06-10 10:54:24','26402598-50be-ec49-1490-51028469b0e9','26402598-50be-ec49-1490-51028469b0e9',NULL,0,'1','1',NULL,NULL,NULL,NULL,NULL,NULL,NULL,'Medium','internal_task','Tasks','0','Outbound',10,100,'none','12:00','1.1',0,NULL,NULL,1,0,NULL,'48deb2e2-86a1-11e7-a438-5254009e5526','74c487f0-869d-11e7-81da-5254009e5526',NULL,'5e4c8ec4-86a1-11e7-9378-5254009e5526');
INSERT INTO `dri_workflow_task_templates` VALUES ('3477ca5c-869f-11e7-abec-5254009e5526','A12 Capture & confirm Request','2019-06-10 10:54:24','2019-06-10 10:54:24','26402598-50be-ec49-1490-51028469b0e9','26402598-50be-ec49-1490-51028469b0e9',NULL,0,'1','1',NULL,NULL,NULL,NULL,NULL,NULL,NULL,'Medium','internal_task','Tasks','0','Outbound',10,100,'none','12:00','1.1',0,NULL,NULL,1,0,NULL,'f25af636-869d-11e7-acd9-5254009e5526','74c487f0-869d-11e7-81da-5254009e5526',NULL,'0c0070ca-869e-11e7-b129-5254009e5526');
INSERT INTO `dri_workflow_task_templates` VALUES ('3534505c-a9d4-11e7-b265-5254009e5526','A20 Send Information & Log','2019-06-10 10:54:24','2019-06-10 10:54:24','26402598-50be-ec49-1490-51028469b0e9','26402598-50be-ec49-1490-51028469b0e9',NULL,0,'1','1',NULL,NULL,NULL,NULL,NULL,NULL,NULL,'Medium','internal_task','Tasks','0','Outbound',10,100,'none','12:00','5.4',0,NULL,NULL,1,0,NULL,'f25af636-869d-11e7-acd9-5254009e5526','74c487f0-869d-11e7-81da-5254009e5526',NULL,'7112ffa0-869e-11e7-b45d-5254009e5526');
INSERT INTO `dri_workflow_task_templates` VALUES ('3855c148-6f66-11e6-898f-5254009e5526','Requirements Analysis','2019-06-10 10:54:24','2019-06-10 10:54:24','26402598-50be-ec49-1490-51028469b0e9','26402598-50be-ec49-1490-51028469b0e9',NULL,0,'1','1',NULL,NULL,NULL,NULL,NULL,NULL,NULL,'Medium','customer_task','Tasks','0','Outbound',10,100,'none','12:00','1',0,NULL,NULL,1,0,NULL,'1463fd4a-6f66-11e6-9d6e-5254009e5526','f4dd8362-6f63-11e6-9f30-5254009e5526',NULL,NULL);
INSERT INTO `dri_workflow_task_templates` VALUES ('38ac3af8-93d4-11e7-9eb5-5254009e5526','A16 Capture & confirm Request','2019-06-10 10:54:24','2019-06-10 10:54:24','26402598-50be-ec49-1490-51028469b0e9','26402598-50be-ec49-1490-51028469b0e9',NULL,0,'1','1',NULL,NULL,NULL,NULL,NULL,NULL,NULL,'Medium','internal_task','Tasks','0','Outbound',10,100,'none','12:00','2.1',0,NULL,NULL,1,0,NULL,'f25af636-869d-11e7-acd9-5254009e5526','74c487f0-869d-11e7-81da-5254009e5526',NULL,'2ab3447a-869e-11e7-afc1-5254009e5526');
INSERT INTO `dri_workflow_task_templates` VALUES ('394b1c90-f839-11e6-9406-5254009e5526','Confirm we can meet customer needs','2019-06-10 10:54:24','2019-06-10 10:54:24','26402598-50be-ec49-1490-51028469b0e9','26402598-50be-ec49-1490-51028469b0e9',NULL,0,'1','1',NULL,'days_from_previous_activity_completed',NULL,NULL,NULL,NULL,NULL,'High','internal_task','Tasks','0','Outbound',10,100,'none','12:00','3',1,NULL,NULL,1,0,NULL,'bb3c1f84-f838-11e6-b5aa-5254009e5526','6c671044-f838-11e6-90aa-5254009e5526',NULL,NULL);
INSERT INTO `dri_workflow_task_templates` VALUES ('398c6ba8-93db-11e7-b6fb-5254009e5526','MA Access List','2019-06-10 10:54:24','2019-06-10 10:54:24','26402598-50be-ec49-1490-51028469b0e9','26402598-50be-ec49-1490-51028469b0e9',NULL,0,'1','1',NULL,NULL,NULL,NULL,NULL,NULL,NULL,'Medium','automatic_task','Tasks','0','Outbound',10,100,'none','12:00','3.4',0,NULL,NULL,1,0,NULL,'ac343258-869d-11e7-8922-5254009e5526','74c487f0-869d-11e7-81da-5254009e5526',NULL,'00752854-86a3-11e7-b743-5254009e5526');
INSERT INTO `dri_workflow_task_templates` VALUES ('3bc416f4-9bb2-11e6-853a-5254009e5526','Get in with established Ninjas','2019-06-10 10:54:24','2019-06-10 10:54:24','26402598-50be-ec49-1490-51028469b0e9','26402598-50be-ec49-1490-51028469b0e9',NULL,0,'1','1',NULL,'days_from_created',NULL,NULL,NULL,NULL,NULL,'Medium','customer_task','Meetings','0','Outbound',10,100,'none','12:00','1',2,NULL,NULL,1,0,NULL,'4b031cb6-9bb0-11e6-92af-5254009e5526','95ce91b8-9baf-11e6-8e72-5254009e5526',NULL,NULL);
INSERT INTO `dri_workflow_task_templates` VALUES ('3c1bf108-f837-11e6-9ad3-5254009e5526','Action plan for Q4','2019-06-10 10:54:24','2019-06-10 10:54:24','26402598-50be-ec49-1490-51028469b0e9','26402598-50be-ec49-1490-51028469b0e9',NULL,0,'1','1',NULL,'days_from_previous_activity_completed',NULL,NULL,NULL,NULL,NULL,'Medium','customer_task','Tasks','0','Outbound',10,100,'none','12:00','4',1,NULL,NULL,1,0,NULL,'01a62f80-f836-11e6-b51e-5254009e5526','ea1ecdea-f835-11e6-b8bd-5254009e5526',NULL,NULL);
INSERT INTO `dri_workflow_task_templates` VALUES ('3eb05e50-fa70-11e6-a955-5254009e5526','Build Value Proposition','2019-06-10 10:54:24','2019-06-10 10:54:24','26402598-50be-ec49-1490-51028469b0e9','26402598-50be-ec49-1490-51028469b0e9',NULL,0,'1','1',NULL,'days_from_previous_activity_completed',NULL,NULL,NULL,NULL,NULL,'High','internal_task','Tasks','0','Outbound',10,100,'none','12:00','2',1,NULL,NULL,1,0,'[\"efa8671c-fa6f-11e6-b22f-5254009e5526\"]','6ef86f54-5b23-11e6-a585-5254009e5526','57daaef6-5b1c-11e6-a4fe-5254009e5526',NULL,NULL);
INSERT INTO `dri_workflow_task_templates` VALUES ('401aacfa-f836-11e6-979a-5254009e5526','Book Q1 meeting','2019-06-10 10:54:24','2019-06-10 10:54:24','26402598-50be-ec49-1490-51028469b0e9','26402598-50be-ec49-1490-51028469b0e9',NULL,0,'1','1',NULL,'days_from_stage_started',NULL,NULL,NULL,NULL,NULL,'Medium','internal_task','Tasks','0','Outbound',10,100,'none','12:00','2',1,NULL,NULL,1,0,'[\"25ad35e0-f836-11e6-bb75-5254009e5526\"]','f525e55c-f835-11e6-bd49-5254009e5526','ea1ecdea-f835-11e6-b8bd-5254009e5526',NULL,NULL);
INSERT INTO `dri_workflow_task_templates` VALUES ('42489970-6f5a-11e6-bcca-5254009e5526','Share Newsletter KPI Reports','2019-06-10 10:54:24','2019-06-10 10:54:24','26402598-50be-ec49-1490-51028469b0e9','26402598-50be-ec49-1490-51028469b0e9',NULL,0,'1','1',NULL,'days_from_previous_activity_completed',NULL,NULL,NULL,NULL,NULL,'High','internal_task','Tasks','0','Outbound',10,100,'none','12:00','1',14,NULL,NULL,1,0,'[\"d6557bde-6f59-11e6-a08b-5254009e5526\"]','d6178484-6f57-11e6-838a-5254009e5526','ceef2f14-6f56-11e6-8f28-5254009e5526',NULL,NULL);
INSERT INTO `dri_workflow_task_templates` VALUES ('435fa240-93da-11e7-acec-5254009e5526','Pay Permission/Exception','2019-06-10 10:54:24','2019-06-10 10:54:24','26402598-50be-ec49-1490-51028469b0e9','26402598-50be-ec49-1490-51028469b0e9',NULL,0,'1','1',NULL,NULL,NULL,NULL,NULL,NULL,NULL,'Medium','automatic_task','Tasks','0','Outbound',10,100,'none','12:00','2.2',0,NULL,NULL,1,0,NULL,'ac343258-869d-11e7-8922-5254009e5526','74c487f0-869d-11e7-81da-5254009e5526',NULL,'f46f71fe-86a2-11e7-8268-5254009e5526');
INSERT INTO `dri_workflow_task_templates` VALUES ('4619612c-869e-11e7-bc39-5254009e5526','Article 17: Erasure Request','2019-06-10 10:54:24','2019-06-10 10:54:24','26402598-50be-ec49-1490-51028469b0e9','26402598-50be-ec49-1490-51028469b0e9','Article 17 refers to the Right to erasure (‘right to be forgotten’)',0,'1','1',NULL,NULL,NULL,NULL,NULL,NULL,NULL,'Medium','customer_task','Tasks','0','Outbound',40,100,'none','12:00','3',0,NULL,NULL,1,1,NULL,'f25af636-869d-11e7-acd9-5254009e5526','74c487f0-869d-11e7-81da-5254009e5526',NULL,NULL);
INSERT INTO `dri_workflow_task_templates` VALUES ('467b395a-869f-11e7-be2f-5254009e5526','A12 Generate Report','2019-06-10 10:54:24','2019-06-10 10:54:24','26402598-50be-ec49-1490-51028469b0e9','26402598-50be-ec49-1490-51028469b0e9',NULL,0,'1','1',NULL,NULL,NULL,NULL,NULL,NULL,NULL,'Medium','internal_task','Tasks','0','Outbound',10,100,'none','12:00','1.2',0,NULL,NULL,1,0,NULL,'f25af636-869d-11e7-acd9-5254009e5526','74c487f0-869d-11e7-81da-5254009e5526',NULL,'0c0070ca-869e-11e7-b129-5254009e5526');
INSERT INTO `dri_workflow_task_templates` VALUES ('46ec3550-93d4-11e7-a5b9-5254009e5526','A16 Generate Report','2019-06-10 10:54:24','2019-06-10 10:54:24','26402598-50be-ec49-1490-51028469b0e9','26402598-50be-ec49-1490-51028469b0e9',NULL,0,'1','1',NULL,NULL,NULL,NULL,NULL,NULL,NULL,'Medium','internal_task','Tasks','0','Outbound',10,100,'none','12:00','2.2',0,NULL,NULL,1,0,NULL,'f25af636-869d-11e7-acd9-5254009e5526','74c487f0-869d-11e7-81da-5254009e5526',NULL,'2ab3447a-869e-11e7-afc1-5254009e5526');
INSERT INTO `dri_workflow_task_templates` VALUES ('47d323ae-9bb2-11e6-a5ab-5254009e5526','Bribe them to let you on mission','2019-06-10 10:54:24','2019-06-10 10:54:24','26402598-50be-ec49-1490-51028469b0e9','26402598-50be-ec49-1490-51028469b0e9',NULL,0,'1','1',NULL,'days_from_created',NULL,NULL,NULL,NULL,NULL,'Medium','internal_task','Tasks','0','Outbound',10,100,'none','12:00','2',2,NULL,NULL,1,0,NULL,'4b031cb6-9bb0-11e6-92af-5254009e5526','95ce91b8-9baf-11e6-8e72-5254009e5526',NULL,NULL);
INSERT INTO `dri_workflow_task_templates` VALUES ('47f3e02c-5ef3-11e6-a7c1-5254009e5526','Estimate Resolution Time','2019-06-10 10:54:24','2019-06-10 10:54:24','26402598-50be-ec49-1490-51028469b0e9','26402598-50be-ec49-1490-51028469b0e9',NULL,0,'1','1',NULL,'days_from_previous_activity_completed',NULL,NULL,NULL,NULL,NULL,'Medium','internal_task','Tasks','0','Outbound',10,100,'none','12:00','3',1,NULL,NULL,1,0,'[\"1dcbf636-5ef3-11e6-bed8-5254009e5526\"]','c1091dba-5ee9-11e6-8949-5254009e5526','241ed50e-5ee8-11e6-ad9d-5254009e5526',NULL,NULL);
INSERT INTO `dri_workflow_task_templates` VALUES ('4804abbc-5ef0-11e6-87cd-5254009e5526','Identify issue dependencies','2019-06-10 10:54:24','2019-06-10 10:54:24','26402598-50be-ec49-1490-51028469b0e9','26402598-50be-ec49-1490-51028469b0e9',NULL,0,'1','1',NULL,'days_from_stage_started',NULL,NULL,NULL,NULL,NULL,'Medium','internal_task','Tasks','0','Outbound',10,100,'none','12:00','1',1,NULL,NULL,1,0,NULL,'c1091dba-5ee9-11e6-8949-5254009e5526','241ed50e-5ee8-11e6-ad9d-5254009e5526',NULL,NULL);
INSERT INTO `dri_workflow_task_templates` VALUES ('4bf18e70-fcca-11e6-bff9-5254009e5526','New requirements?','2019-06-10 10:54:24','2019-06-10 10:54:24','26402598-50be-ec49-1490-51028469b0e9','26402598-50be-ec49-1490-51028469b0e9',NULL,0,'1','1',NULL,'days_from_previous_activity_completed',NULL,NULL,NULL,NULL,NULL,'High','customer_task','Tasks','0','Outbound',10,100,'none','12:00','4',1,NULL,NULL,1,0,NULL,'6edde9ca-fcc9-11e6-8130-5254009e5526','467fb2a6-fcc9-11e6-b7a6-5254009e5526',NULL,NULL);
INSERT INTO `dri_workflow_task_templates` VALUES ('512a3654-6f66-11e6-a4be-5254009e5526','Budget verification','2019-06-10 10:54:24','2019-06-10 10:54:24','26402598-50be-ec49-1490-51028469b0e9','26402598-50be-ec49-1490-51028469b0e9',NULL,0,'1','1',NULL,NULL,NULL,NULL,NULL,NULL,NULL,'Medium','customer_task','Tasks','0','Outbound',10,100,'none','12:00','2',0,NULL,NULL,1,0,NULL,'1463fd4a-6f66-11e6-9d6e-5254009e5526','f4dd8362-6f63-11e6-9f30-5254009e5526',NULL,NULL);
INSERT INTO `dri_workflow_task_templates` VALUES ('51369ca6-93db-11e7-a689-5254009e5526','CS Personal Data List','2019-06-10 10:54:24','2019-06-10 10:54:24','26402598-50be-ec49-1490-51028469b0e9','26402598-50be-ec49-1490-51028469b0e9',NULL,0,'1','1',NULL,NULL,NULL,NULL,NULL,NULL,NULL,'Medium','automatic_task','Tasks','0','Outbound',10,100,'none','12:00','4.1',0,NULL,NULL,1,0,NULL,'ac343258-869d-11e7-8922-5254009e5526','74c487f0-869d-11e7-81da-5254009e5526',NULL,'0e932846-86a3-11e7-a448-5254009e5526');
INSERT INTO `dri_workflow_task_templates` VALUES ('51c5c83e-6f58-11e6-ba5b-5254009e5526','Content Concept To Digital Agency','2019-06-10 10:54:24','2019-06-10 10:54:24','26402598-50be-ec49-1490-51028469b0e9','26402598-50be-ec49-1490-51028469b0e9',NULL,0,'1','1',NULL,NULL,NULL,NULL,NULL,NULL,NULL,'Medium','customer_task','Tasks','0','Outbound',10,100,'none','12:00','2',0,NULL,NULL,1,0,'[\"11c7ffd6-6f58-11e6-9226-5254009e5526\"]','08286af2-6f57-11e6-83fa-5254009e5526','ceef2f14-6f56-11e6-8f28-5254009e5526',NULL,NULL);
INSERT INTO `dri_workflow_task_templates` VALUES ('5628260a-93d4-11e7-ac4a-5254009e5526','A16 Authorize Sending','2019-06-10 10:54:24','2019-06-10 10:54:24','26402598-50be-ec49-1490-51028469b0e9','26402598-50be-ec49-1490-51028469b0e9',NULL,0,'1','1',NULL,NULL,NULL,NULL,NULL,NULL,NULL,'Medium','internal_task','Tasks','0','Outbound',10,100,'none','12:00','2.3',0,NULL,NULL,1,0,NULL,'f25af636-869d-11e7-acd9-5254009e5526','74c487f0-869d-11e7-81da-5254009e5526',NULL,'2ab3447a-869e-11e7-afc1-5254009e5526');
INSERT INTO `dri_workflow_task_templates` VALUES ('58e3c3e2-9bb2-11e6-9c3c-5254009e5526','Book flight to mission site','2019-06-10 10:54:24','2019-06-10 10:54:24','26402598-50be-ec49-1490-51028469b0e9','26402598-50be-ec49-1490-51028469b0e9',NULL,0,'1','1',NULL,'days_from_created',NULL,NULL,NULL,NULL,NULL,'Medium','internal_task','Tasks','0','Outbound',10,100,'none','12:00','3',3,NULL,NULL,1,0,NULL,'4b031cb6-9bb0-11e6-92af-5254009e5526','95ce91b8-9baf-11e6-8e72-5254009e5526',NULL,NULL);
INSERT INTO `dri_workflow_task_templates` VALUES ('59dab896-869e-11e7-a490-5254009e5526','Article 18: Restriction Request','2019-06-10 10:54:24','2019-06-10 10:54:24','26402598-50be-ec49-1490-51028469b0e9','26402598-50be-ec49-1490-51028469b0e9','Article 19 refers to the Right to restriction of processing',0,'1','1',NULL,NULL,NULL,NULL,NULL,NULL,NULL,'Medium','customer_task','Tasks','0','Outbound',40,100,'none','12:00','4',0,NULL,NULL,1,1,NULL,'f25af636-869d-11e7-acd9-5254009e5526','74c487f0-869d-11e7-81da-5254009e5526',NULL,NULL);
INSERT INTO `dri_workflow_task_templates` VALUES ('5b081fae-6f59-11e6-a99d-5254009e5526','Newsletter test send is OK','2019-06-10 10:54:24','2019-06-10 10:54:24','26402598-50be-ec49-1490-51028469b0e9','26402598-50be-ec49-1490-51028469b0e9',NULL,0,'1','1',NULL,NULL,NULL,NULL,NULL,NULL,NULL,'Medium','internal_task','Tasks','0','Outbound',10,100,'none','12:00','4',0,NULL,NULL,1,0,NULL,'6839fc62-6f57-11e6-a53c-5254009e5526','ceef2f14-6f56-11e6-8f28-5254009e5526',NULL,NULL);
INSERT INTO `dri_workflow_task_templates` VALUES ('5cb982ea-6f66-11e6-a9bc-5254009e5526','Commitment?','2019-06-10 10:54:24','2019-06-10 10:54:24','26402598-50be-ec49-1490-51028469b0e9','26402598-50be-ec49-1490-51028469b0e9',NULL,0,'1','1',NULL,NULL,NULL,NULL,NULL,NULL,NULL,'Medium','customer_task','Tasks','0','Outbound',10,100,'none','12:00','3',0,NULL,NULL,1,0,NULL,'1463fd4a-6f66-11e6-9d6e-5254009e5526','f4dd8362-6f63-11e6-9f30-5254009e5526',NULL,NULL);
INSERT INTO `dri_workflow_task_templates` VALUES ('5cd1959c-fa71-11e6-8ef2-5254009e5526','Call for confirmation','2019-06-10 10:54:24','2019-06-10 10:54:24','26402598-50be-ec49-1490-51028469b0e9','26402598-50be-ec49-1490-51028469b0e9',NULL,0,'1','1',NULL,'days_from_previous_activity_completed',NULL,NULL,NULL,NULL,NULL,'Medium','customer_task','Calls','0','Outbound',10,100,'none','12:00','2',2,NULL,NULL,1,0,NULL,'7f8da2c6-5b23-11e6-8429-5254009e5526','57daaef6-5b1c-11e6-a4fe-5254009e5526',NULL,NULL);
INSERT INTO `dri_workflow_task_templates` VALUES ('5cd8d43c-fcca-11e6-97f9-5254009e5526','Send final Quotation','2019-06-10 10:54:24','2019-06-10 10:54:24','26402598-50be-ec49-1490-51028469b0e9','26402598-50be-ec49-1490-51028469b0e9',NULL,0,'1','1',NULL,'days_from_previous_activity_completed',NULL,NULL,NULL,NULL,NULL,'Medium','internal_task','Tasks','0','Outbound',10,100,'none','12:00','5',1,NULL,NULL,1,0,'[\"4bf18e70-fcca-11e6-bff9-5254009e5526\"]','6edde9ca-fcc9-11e6-8130-5254009e5526','467fb2a6-fcc9-11e6-b7a6-5254009e5526',NULL,NULL);
INSERT INTO `dri_workflow_task_templates` VALUES ('5e1fd1e8-f837-11e6-a565-5254009e5526','Start renewal proces of contract','2019-06-10 10:54:24','2019-06-10 10:54:24','26402598-50be-ec49-1490-51028469b0e9','26402598-50be-ec49-1490-51028469b0e9',NULL,0,'1','1',NULL,'days_from_previous_activity_completed',NULL,NULL,NULL,NULL,NULL,'High','internal_task','Tasks','0','Outbound',10,100,'none','12:00','5',1,NULL,NULL,1,0,NULL,'01a62f80-f836-11e6-b51e-5254009e5526','ea1ecdea-f835-11e6-b8bd-5254009e5526',NULL,NULL);
INSERT INTO `dri_workflow_task_templates` VALUES ('5e4c8ec4-86a1-11e7-9378-5254009e5526','Breach Event','2019-06-10 10:54:24','2019-06-10 10:54:24','26402598-50be-ec49-1490-51028469b0e9','26402598-50be-ec49-1490-51028469b0e9','This task and its subtasks specifically refers to Article 34 Communication of a personal data breach to the data subject and is an example of how such an automated approach might be set up. ',0,'1','1',NULL,NULL,NULL,NULL,NULL,NULL,NULL,'Medium','internal_task','Tasks','0','Outbound',30,100,'none','12:00','1',0,NULL,NULL,1,1,NULL,'48deb2e2-86a1-11e7-a438-5254009e5526','74c487f0-869d-11e7-81da-5254009e5526',NULL,NULL);
INSERT INTO `dri_workflow_task_templates` VALUES ('5f16b3a4-869f-11e7-8273-5254009e5526','A12 Authorize Sending','2019-06-10 10:54:24','2019-06-10 10:54:24','26402598-50be-ec49-1490-51028469b0e9','26402598-50be-ec49-1490-51028469b0e9',NULL,0,'1','1',NULL,NULL,NULL,NULL,NULL,NULL,NULL,'Medium','internal_task','Tasks','0','Outbound',10,100,'none','12:00','1.3',0,NULL,NULL,1,0,NULL,'f25af636-869d-11e7-acd9-5254009e5526','74c487f0-869d-11e7-81da-5254009e5526',NULL,'0c0070ca-869e-11e7-b129-5254009e5526');
INSERT INTO `dri_workflow_task_templates` VALUES ('5f95cc1e-93da-11e7-866c-5254009e5526','Pay Discrim:  NONE CAPTURED','2019-06-10 10:54:24','2019-06-10 10:54:24','26402598-50be-ec49-1490-51028469b0e9','26402598-50be-ec49-1490-51028469b0e9',NULL,0,'1','1',NULL,NULL,NULL,NULL,NULL,NULL,NULL,'Medium','automatic_task','Tasks','0','Outbound',10,100,'none','12:00','2.3',0,NULL,NULL,1,0,NULL,'ac343258-869d-11e7-8922-5254009e5526','74c487f0-869d-11e7-81da-5254009e5526',NULL,'f46f71fe-86a2-11e7-8268-5254009e5526');
INSERT INTO `dri_workflow_task_templates` VALUES ('641b6f72-f836-11e6-9d74-5254009e5526','Agree on action plan for Q2','2019-06-10 10:54:24','2019-06-10 10:54:24','26402598-50be-ec49-1490-51028469b0e9','26402598-50be-ec49-1490-51028469b0e9',NULL,0,'1','1',NULL,'days_from_previous_activity_completed',NULL,NULL,NULL,NULL,NULL,'High','customer_task','Tasks','0','Outbound',10,100,'none','12:00','4',1,NULL,NULL,1,0,NULL,'f525e55c-f835-11e6-bd49-5254009e5526','ea1ecdea-f835-11e6-b8bd-5254009e5526',NULL,NULL);
INSERT INTO `dri_workflow_task_templates` VALUES ('6521e92c-9bb2-11e6-b286-5254009e5526','Pack Ninja suit and katanas','2019-06-10 10:54:24','2019-06-10 10:54:24','26402598-50be-ec49-1490-51028469b0e9','26402598-50be-ec49-1490-51028469b0e9',NULL,0,'1','1',NULL,'days_from_created',NULL,NULL,NULL,NULL,NULL,'Medium','internal_task','Tasks','0','Outbound',10,100,'none','12:00','4',3,NULL,NULL,1,0,NULL,'4b031cb6-9bb0-11e6-92af-5254009e5526','95ce91b8-9baf-11e6-8e72-5254009e5526',NULL,NULL);
INSERT INTO `dri_workflow_task_templates` VALUES ('662289f4-93db-11e7-ba52-5254009e5526','CS Permission/Exception','2019-06-10 10:54:24','2019-06-10 10:54:24','26402598-50be-ec49-1490-51028469b0e9','26402598-50be-ec49-1490-51028469b0e9',NULL,0,'1','1',NULL,NULL,NULL,NULL,NULL,NULL,NULL,'Medium','automatic_task','Tasks','0','Outbound',10,100,'none','12:00','4.2',0,NULL,NULL,1,0,NULL,'ac343258-869d-11e7-8922-5254009e5526','74c487f0-869d-11e7-81da-5254009e5526',NULL,'0e932846-86a3-11e7-a448-5254009e5526');
INSERT INTO `dri_workflow_task_templates` VALUES ('671fc42e-5eef-11e6-9116-5254009e5526','Identify Issue Severity','2019-06-10 10:54:24','2019-06-10 10:54:24','26402598-50be-ec49-1490-51028469b0e9','26402598-50be-ec49-1490-51028469b0e9',NULL,0,'1','1',NULL,'days_from_stage_started',NULL,NULL,NULL,NULL,NULL,'Medium','internal_task','Tasks','0','Outbound',10,100,'none','12:00','2',2,NULL,NULL,1,0,'[\"04b5e4ba-5eec-11e6-a411-5254009e5526\"]','b667519c-5ee9-11e6-8fb9-5254009e5526','241ed50e-5ee8-11e6-ad9d-5254009e5526',NULL,NULL);
INSERT INTO `dri_workflow_task_templates` VALUES ('6720dba8-5ef3-11e6-80a8-5254009e5526','Advise Customer of resolution estimate','2019-06-10 10:54:24','2019-06-10 10:54:24','26402598-50be-ec49-1490-51028469b0e9','26402598-50be-ec49-1490-51028469b0e9',NULL,0,'1','1',NULL,'days_from_previous_activity_completed',NULL,NULL,NULL,NULL,NULL,'Medium','internal_task','Tasks','0','Outbound',10,100,'none','12:00','4',1,NULL,NULL,1,0,'[\"47f3e02c-5ef3-11e6-a7c1-5254009e5526\"]','c1091dba-5ee9-11e6-8949-5254009e5526','241ed50e-5ee8-11e6-ad9d-5254009e5526',NULL,NULL);
INSERT INTO `dri_workflow_task_templates` VALUES ('67c9b1fe-6f58-11e6-8ec3-5254009e5526','Newsletter MockUp Received','2019-06-10 10:54:24','2019-06-10 10:54:24','26402598-50be-ec49-1490-51028469b0e9','26402598-50be-ec49-1490-51028469b0e9',NULL,0,'1','1',NULL,NULL,NULL,NULL,NULL,NULL,NULL,'Medium','agency_task','Tasks','0','Outbound',10,100,'none','12:00','3',0,NULL,NULL,1,0,'[\"51c5c83e-6f58-11e6-ba5b-5254009e5526\"]','08286af2-6f57-11e6-83fa-5254009e5526','ceef2f14-6f56-11e6-8f28-5254009e5526',NULL,NULL);
INSERT INTO `dri_workflow_task_templates` VALUES ('6c9f38f6-f839-11e6-8ea1-5254009e5526','Book meeting / web presentation of solution','2019-06-10 10:54:24','2019-06-10 10:54:24','26402598-50be-ec49-1490-51028469b0e9','26402598-50be-ec49-1490-51028469b0e9',NULL,0,'1','1',NULL,'days_from_previous_activity_completed',NULL,NULL,NULL,NULL,NULL,'High','internal_task','Tasks','0','Outbound',10,100,'none','12:00','4',1,NULL,NULL,1,0,'[\"394b1c90-f839-11e6-9406-5254009e5526\"]','bb3c1f84-f838-11e6-b5aa-5254009e5526','6c671044-f838-11e6-90aa-5254009e5526',NULL,NULL);
INSERT INTO `dri_workflow_task_templates` VALUES ('6e9bd1c0-f837-11e6-8df6-5254009e5526','Completed Q3 review','2019-06-10 10:54:24','2019-06-10 10:54:24','26402598-50be-ec49-1490-51028469b0e9','26402598-50be-ec49-1490-51028469b0e9',NULL,0,'1','1',NULL,'days_from_stage_started',NULL,NULL,NULL,NULL,NULL,'Medium','milestone','Tasks','0','Outbound',10,100,'none','12:00','6',30,NULL,NULL,1,0,NULL,'01a62f80-f836-11e6-b51e-5254009e5526','ea1ecdea-f835-11e6-b8bd-5254009e5526',NULL,NULL);
INSERT INTO `dri_workflow_task_templates` VALUES ('6f15aa12-fcca-11e6-876c-5254009e5526','Book final Meeting','2019-06-10 10:54:24','2019-06-10 10:54:24','26402598-50be-ec49-1490-51028469b0e9','26402598-50be-ec49-1490-51028469b0e9',NULL,0,'1','1',NULL,'days_from_stage_started',NULL,NULL,NULL,NULL,NULL,'Medium','customer_task','Meetings','0','Outbound',10,100,'none','12:00','1',1,NULL,NULL,1,0,NULL,'755a0e64-fcc9-11e6-81ea-5254009e5526','467fb2a6-fcc9-11e6-b7a6-5254009e5526',NULL,NULL);
INSERT INTO `dri_workflow_task_templates` VALUES ('7112ffa0-869e-11e7-b45d-5254009e5526','Article 20: Portability Request','2019-06-10 10:54:24','2019-06-10 10:54:24','26402598-50be-ec49-1490-51028469b0e9','26402598-50be-ec49-1490-51028469b0e9','Article 20 refers to the Right to data portability',0,'1','1',NULL,NULL,NULL,NULL,NULL,NULL,NULL,'Medium','customer_task','Tasks','0','Outbound',40,100,'none','12:00','5',0,NULL,NULL,1,1,NULL,'f25af636-869d-11e7-acd9-5254009e5526','74c487f0-869d-11e7-81da-5254009e5526',NULL,NULL);
INSERT INTO `dri_workflow_task_templates` VALUES ('7268aedc-5b24-11e6-b075-5254009e5526','Quote sent','2019-06-10 10:54:24','2019-06-10 10:54:24','26402598-50be-ec49-1490-51028469b0e9','26402598-50be-ec49-1490-51028469b0e9',NULL,0,'1','1',NULL,NULL,NULL,NULL,NULL,NULL,NULL,'Medium','milestone','Tasks','0','Outbound',10,100,'none','12:00','1',0,NULL,NULL,1,0,NULL,'7f8da2c6-5b23-11e6-8429-5254009e5526','57daaef6-5b1c-11e6-a4fe-5254009e5526',NULL,NULL);
INSERT INTO `dri_workflow_task_templates` VALUES ('73105b24-93d5-11e7-9946-5254009e5526','A21 Capture & confirm Request','2019-06-10 10:54:24','2019-06-10 10:54:24','26402598-50be-ec49-1490-51028469b0e9','26402598-50be-ec49-1490-51028469b0e9',NULL,0,'1','1',NULL,NULL,NULL,NULL,NULL,NULL,NULL,'Medium','internal_task','Tasks','0','Outbound',10,100,'none','12:00','6.1',0,NULL,NULL,1,0,NULL,'f25af636-869d-11e7-acd9-5254009e5526','74c487f0-869d-11e7-81da-5254009e5526',NULL,'9521bbfc-869e-11e7-8551-5254009e5526');
INSERT INTO `dri_workflow_task_templates` VALUES ('75aded4a-93dc-11e7-bd6c-5254009e5526','Breach Notification','2019-06-10 10:54:24','2019-06-10 10:54:24','26402598-50be-ec49-1490-51028469b0e9','26402598-50be-ec49-1490-51028469b0e9',NULL,0,'1','1',NULL,NULL,NULL,NULL,NULL,NULL,NULL,'Medium','internal_task','Tasks','0','Outbound',10,100,'none','12:00','1.2',0,NULL,NULL,1,0,NULL,'48deb2e2-86a1-11e7-a438-5254009e5526','74c487f0-869d-11e7-81da-5254009e5526',NULL,'5e4c8ec4-86a1-11e7-9378-5254009e5526');
INSERT INTO `dri_workflow_task_templates` VALUES ('79551854-93d4-11e7-ab84-5254009e5526','A16 Send Information & Log','2019-06-10 10:54:24','2019-06-10 10:54:24','26402598-50be-ec49-1490-51028469b0e9','26402598-50be-ec49-1490-51028469b0e9',NULL,0,'1','1',NULL,NULL,NULL,NULL,NULL,NULL,NULL,'Medium','internal_task','Tasks','0','Outbound',10,100,'none','12:00','2.4',0,NULL,NULL,1,0,NULL,'f25af636-869d-11e7-acd9-5254009e5526','74c487f0-869d-11e7-81da-5254009e5526',NULL,'2ab3447a-869e-11e7-afc1-5254009e5526');
INSERT INTO `dri_workflow_task_templates` VALUES ('797c9e26-9bb2-11e6-881d-5254009e5526','Work mission','2019-06-10 10:54:24','2019-06-10 10:54:24','26402598-50be-ec49-1490-51028469b0e9','26402598-50be-ec49-1490-51028469b0e9',NULL,0,'1','1',NULL,'days_from_created',NULL,NULL,NULL,NULL,NULL,'High','internal_task','Tasks','0','Outbound',10,100,'none','12:00','5',3,NULL,NULL,1,0,NULL,'4b031cb6-9bb0-11e6-92af-5254009e5526','95ce91b8-9baf-11e6-8e72-5254009e5526',NULL,NULL);
INSERT INTO `dri_workflow_task_templates` VALUES ('79b8b8f4-9bb0-11e6-8e63-5254009e5526','Start Googling About Ninjas','2019-06-10 10:54:24','2019-06-10 10:54:24','26402598-50be-ec49-1490-51028469b0e9','26402598-50be-ec49-1490-51028469b0e9',NULL,0,'1','1',NULL,'days_from_created',NULL,NULL,NULL,NULL,NULL,'Medium','internal_task','Tasks','0','Outbound',10,100,'none','12:00','1',1,NULL,NULL,1,0,NULL,'04c555b6-9bb0-11e6-a889-5254009e5526','95ce91b8-9baf-11e6-8e72-5254009e5526',NULL,NULL);
INSERT INTO `dri_workflow_task_templates` VALUES ('79d16524-9bb1-11e6-af0c-5254009e5526','Move to Phase 2','2019-06-10 10:54:24','2019-06-10 10:54:24','26402598-50be-ec49-1490-51028469b0e9','26402598-50be-ec49-1490-51028469b0e9','With registration complete, move to phase 2',0,'1','1',NULL,'days_from_created',NULL,NULL,NULL,NULL,NULL,'High','milestone','Tasks','0','Outbound',10,100,'none','12:00','6',1,NULL,NULL,1,0,NULL,'04c555b6-9bb0-11e6-a889-5254009e5526','95ce91b8-9baf-11e6-8e72-5254009e5526',NULL,NULL);
INSERT INTO `dri_workflow_task_templates` VALUES ('7e798396-86a1-11e7-a0df-5254009e5526','Permission Update','2019-06-10 10:54:24','2019-06-10 10:54:24','26402598-50be-ec49-1490-51028469b0e9','26402598-50be-ec49-1490-51028469b0e9','Although a permission process is not required by the GDPR, careful documentation of exactly what permission was requested and authorized is important.\nSince new sources of data or uses of that data may require that a new permission is obtained, this task and its subtasks show an example of how that might be set up.',0,'1','1',NULL,NULL,NULL,NULL,NULL,NULL,NULL,'Medium','internal_task','Tasks','0','Outbound',30,100,'none','12:00','2',0,NULL,NULL,1,1,NULL,'48deb2e2-86a1-11e7-a438-5254009e5526','74c487f0-869d-11e7-81da-5254009e5526',NULL,NULL);
INSERT INTO `dri_workflow_task_templates` VALUES ('7e8d620a-869f-11e7-adb7-5254009e5526','A12 Send Information & Log','2019-06-10 10:54:24','2019-06-10 10:54:24','26402598-50be-ec49-1490-51028469b0e9','26402598-50be-ec49-1490-51028469b0e9',NULL,0,'1','1',NULL,NULL,NULL,NULL,NULL,NULL,NULL,'Medium','internal_task','Tasks','0','Outbound',10,100,'none','12:00','1.4',0,NULL,NULL,1,0,'[\"5f16b3a4-869f-11e7-8273-5254009e5526\"]','f25af636-869d-11e7-acd9-5254009e5526','74c487f0-869d-11e7-81da-5254009e5526',NULL,'0c0070ca-869e-11e7-b129-5254009e5526');
INSERT INTO `dri_workflow_task_templates` VALUES ('7f5abf8c-93d5-11e7-ab1b-5254009e5526','A21 Generate Report','2019-06-10 10:54:24','2019-06-10 10:54:24','26402598-50be-ec49-1490-51028469b0e9','26402598-50be-ec49-1490-51028469b0e9',NULL,0,'1','1',NULL,NULL,NULL,NULL,NULL,NULL,NULL,'Medium','internal_task','Tasks','0','Outbound',10,100,'none','12:00','6.2',0,NULL,NULL,1,0,NULL,'f25af636-869d-11e7-acd9-5254009e5526','74c487f0-869d-11e7-81da-5254009e5526',NULL,'9521bbfc-869e-11e7-8551-5254009e5526');
INSERT INTO `dri_workflow_task_templates` VALUES ('84fc3022-5eea-11e6-887e-5254009e5526','Allocate Case to User','2019-06-10 10:54:24','2019-06-10 10:54:24','26402598-50be-ec49-1490-51028469b0e9','26402598-50be-ec49-1490-51028469b0e9',NULL,0,'1','1',NULL,'days_from_stage_started',NULL,NULL,NULL,NULL,NULL,'Medium','customer_task','Tasks','0','Outbound',10,100,'none','12:00','1',1,NULL,NULL,1,0,NULL,'9a4b132c-5ee9-11e6-9456-5254009e5526','241ed50e-5ee8-11e6-ad9d-5254009e5526',NULL,NULL);
INSERT INTO `dri_workflow_task_templates` VALUES ('853d1980-93db-11e7-8c3d-5254009e5526','CS Discrim:  DATA USED','2019-06-10 10:54:24','2019-06-10 10:54:24','26402598-50be-ec49-1490-51028469b0e9','26402598-50be-ec49-1490-51028469b0e9',NULL,0,'1','1',NULL,NULL,NULL,NULL,NULL,NULL,NULL,'Medium','automatic_task','Tasks','0','Outbound',10,100,'none','12:00','4.3',0,NULL,NULL,1,0,NULL,'ac343258-869d-11e7-8922-5254009e5526','74c487f0-869d-11e7-81da-5254009e5526',NULL,'0e932846-86a3-11e7-a448-5254009e5526');
INSERT INTO `dri_workflow_task_templates` VALUES ('8566f006-93dc-11e7-8387-5254009e5526','Breach Receipt Confirmation','2019-06-10 10:54:24','2019-06-10 10:54:24','26402598-50be-ec49-1490-51028469b0e9','26402598-50be-ec49-1490-51028469b0e9',NULL,0,'1','1',NULL,NULL,NULL,NULL,NULL,NULL,NULL,'Medium','customer_task','Tasks','0','Outbound',10,100,'none','12:00','1.3',0,NULL,NULL,1,0,NULL,'48deb2e2-86a1-11e7-a438-5254009e5526','74c487f0-869d-11e7-81da-5254009e5526',NULL,'5e4c8ec4-86a1-11e7-9378-5254009e5526');
INSERT INTO `dri_workflow_task_templates` VALUES ('85dc5324-f836-11e6-ad03-5254009e5526','Q1 review completed','2019-06-10 10:54:24','2019-06-10 10:54:24','26402598-50be-ec49-1490-51028469b0e9','26402598-50be-ec49-1490-51028469b0e9',NULL,0,'1','1',NULL,'days_from_previous_activity_completed',NULL,NULL,NULL,NULL,NULL,'High','milestone','Tasks','0','Outbound',10,100,'none','12:00','5',1,NULL,NULL,1,0,NULL,'f525e55c-f835-11e6-bd49-5254009e5526','ea1ecdea-f835-11e6-b8bd-5254009e5526',NULL,NULL);
INSERT INTO `dri_workflow_task_templates` VALUES ('86034442-9bb2-11e6-a780-5254009e5526','Fail miserably','2019-06-10 10:54:24','2019-06-10 10:54:24','26402598-50be-ec49-1490-51028469b0e9','26402598-50be-ec49-1490-51028469b0e9',NULL,0,'1','1',NULL,'days_from_created',NULL,NULL,NULL,NULL,NULL,'High','internal_task','Tasks','0','Outbound',10,100,'none','12:00','6',5,NULL,NULL,1,0,NULL,'4b031cb6-9bb0-11e6-92af-5254009e5526','95ce91b8-9baf-11e6-8e72-5254009e5526',NULL,NULL);
INSERT INTO `dri_workflow_task_templates` VALUES ('876119dc-5ef3-11e6-a9cb-5254009e5526','Mark Case as Resolved','2019-06-10 10:54:24','2019-06-10 10:54:24','26402598-50be-ec49-1490-51028469b0e9','26402598-50be-ec49-1490-51028469b0e9',NULL,0,'1','1',NULL,'days_from_stage_started',NULL,NULL,NULL,NULL,NULL,'Medium','internal_task','Tasks','0','Outbound',10,100,'none','12:00','5',1,NULL,NULL,1,0,NULL,'c1091dba-5ee9-11e6-8949-5254009e5526','241ed50e-5ee8-11e6-ad9d-5254009e5526',NULL,NULL);
INSERT INTO `dri_workflow_task_templates` VALUES ('88c2feb6-f837-11e6-b576-5254009e5526','Check status, support and turnover','2019-06-10 10:54:24','2019-06-10 10:54:24','26402598-50be-ec49-1490-51028469b0e9','26402598-50be-ec49-1490-51028469b0e9',NULL,0,'1','1',NULL,'days_from_stage_started',NULL,NULL,NULL,NULL,NULL,'Medium','internal_task','Tasks','0','Outbound',10,100,'none','12:00','1',1,NULL,NULL,1,0,NULL,'080ba30a-f836-11e6-af76-5254009e5526','ea1ecdea-f835-11e6-b8bd-5254009e5526',NULL,NULL);
INSERT INTO `dri_workflow_task_templates` VALUES ('89923f9e-f839-11e6-9357-5254009e5526','Define opportunity type','2019-06-10 10:54:24','2019-06-10 10:54:24','26402598-50be-ec49-1490-51028469b0e9','26402598-50be-ec49-1490-51028469b0e9',NULL,0,'1','1',NULL,'days_from_previous_activity_completed',NULL,NULL,NULL,NULL,NULL,'Medium','internal_task','Tasks','0','Outbound',10,100,'none','12:00','5',1,NULL,NULL,1,0,NULL,'bb3c1f84-f838-11e6-b5aa-5254009e5526','6c671044-f838-11e6-90aa-5254009e5526',NULL,NULL);
INSERT INTO `dri_workflow_task_templates` VALUES ('8be3c746-fcca-11e6-b719-5254009e5526','Contract signed / opportunity Won','2019-06-10 10:54:24','2019-06-10 10:54:24','26402598-50be-ec49-1490-51028469b0e9','26402598-50be-ec49-1490-51028469b0e9',NULL,0,'1','1',NULL,'days_from_previous_activity_completed',NULL,NULL,NULL,NULL,NULL,'High','milestone','Tasks','0','Outbound',10,100,'none','12:00','2',1,NULL,NULL,1,0,NULL,'755a0e64-fcc9-11e6-81ea-5254009e5526','467fb2a6-fcc9-11e6-b7a6-5254009e5526',NULL,NULL);
INSERT INTO `dri_workflow_task_templates` VALUES ('8dbbd0f8-93d4-11e7-84b9-5254009e5526','A17 Capture & confirm Request','2019-06-10 10:54:24','2019-06-10 10:54:24','26402598-50be-ec49-1490-51028469b0e9','26402598-50be-ec49-1490-51028469b0e9',NULL,0,'1','1',NULL,NULL,NULL,NULL,NULL,NULL,NULL,'Medium','internal_task','Tasks','0','Outbound',10,100,'none','12:00','3.1',0,NULL,NULL,1,0,NULL,'f25af636-869d-11e7-acd9-5254009e5526','74c487f0-869d-11e7-81da-5254009e5526',NULL,'4619612c-869e-11e7-bc39-5254009e5526');
INSERT INTO `dri_workflow_task_templates` VALUES ('8de75a7c-fcc9-11e6-85ac-5254009e5526','Customer requirements','2019-06-10 10:54:24','2019-06-10 10:54:24','26402598-50be-ec49-1490-51028469b0e9','26402598-50be-ec49-1490-51028469b0e9',NULL,0,'1','1',NULL,NULL,NULL,NULL,NULL,NULL,NULL,'High','customer_task','Tasks','0','Outbound',10,100,'none','12:00','1',0,NULL,NULL,1,0,NULL,'5deef3ac-fcc9-11e6-9550-5254009e5526','467fb2a6-fcc9-11e6-b7a6-5254009e5526',NULL,NULL);
INSERT INTO `dri_workflow_task_templates` VALUES ('9035542a-9bb0-11e6-97b1-5254009e5526','Find Ninja training facilities within 500 miles','2019-06-10 10:54:24','2019-06-10 10:54:24','26402598-50be-ec49-1490-51028469b0e9','26402598-50be-ec49-1490-51028469b0e9',NULL,0,'1','1',NULL,'days_from_created',NULL,NULL,NULL,NULL,NULL,'Medium','internal_task','Tasks','0','Outbound',10,100,'none','12:00','2',2,NULL,NULL,1,0,NULL,'04c555b6-9bb0-11e6-a889-5254009e5526','95ce91b8-9baf-11e6-8e72-5254009e5526',NULL,NULL);
INSERT INTO `dri_workflow_task_templates` VALUES ('910a37f4-86a0-11e7-be1b-5254009e5526','CRM System','2019-06-10 10:54:24','2019-06-10 10:54:24','26402598-50be-ec49-1490-51028469b0e9','26402598-50be-ec49-1490-51028469b0e9',NULL,0,'1','1',NULL,NULL,NULL,NULL,NULL,NULL,NULL,'Medium','automatic_task','Tasks','0','Outbound',40,100,'none','12:00','1',0,NULL,NULL,1,1,NULL,'ac343258-869d-11e7-8922-5254009e5526','74c487f0-869d-11e7-81da-5254009e5526',NULL,NULL);
INSERT INTO `dri_workflow_task_templates` VALUES ('91ad1872-5eef-11e6-b267-5254009e5526','Identify Issue Impact','2019-06-10 10:54:24','2019-06-10 10:54:24','26402598-50be-ec49-1490-51028469b0e9','26402598-50be-ec49-1490-51028469b0e9',NULL,0,'1','1',NULL,'days_from_stage_started',NULL,NULL,NULL,NULL,NULL,'Medium','internal_task','Tasks','0','Outbound',10,100,'none','12:00','3',2,NULL,NULL,1,0,'[\"04b5e4ba-5eec-11e6-a411-5254009e5526\"]','b667519c-5ee9-11e6-8fb9-5254009e5526','241ed50e-5ee8-11e6-ad9d-5254009e5526',NULL,NULL);
INSERT INTO `dri_workflow_task_templates` VALUES ('93843d56-9bb2-11e6-8aaa-5254009e5526','Return home & drink whiskey','2019-06-10 10:54:24','2019-06-10 10:54:24','26402598-50be-ec49-1490-51028469b0e9','26402598-50be-ec49-1490-51028469b0e9',NULL,0,'1','1',NULL,'days_from_created',NULL,NULL,NULL,NULL,NULL,'Medium','internal_task','Tasks','0','Outbound',10,100,'none','12:00','7',4,NULL,NULL,1,0,NULL,'4b031cb6-9bb0-11e6-92af-5254009e5526','95ce91b8-9baf-11e6-8e72-5254009e5526',NULL,NULL);
INSERT INTO `dri_workflow_task_templates` VALUES ('950823e0-6f66-11e6-902e-5254009e5526','Sales Assignment','2019-06-10 10:54:24','2019-06-10 10:54:24','26402598-50be-ec49-1490-51028469b0e9','26402598-50be-ec49-1490-51028469b0e9',NULL,0,'1','1',NULL,NULL,NULL,NULL,NULL,NULL,NULL,'Medium','internal_task','Tasks','0','Outbound',10,100,'none','12:00','1',0,NULL,NULL,1,0,NULL,'82139a08-6f66-11e6-a563-5254009e5526','f4dd8362-6f63-11e6-9f30-5254009e5526',NULL,NULL);
INSERT INTO `dri_workflow_task_templates` VALUES ('9521bbfc-869e-11e7-8551-5254009e5526','Article 21: Objection Request','2019-06-10 10:54:24','2019-06-10 10:54:24','26402598-50be-ec49-1490-51028469b0e9','26402598-50be-ec49-1490-51028469b0e9','This article refers to the Automated individual decision-making, including profiling, and more specifically is here to support the right not to be subject to a decision based solely on automated processing',0,'1','1',NULL,NULL,NULL,NULL,NULL,NULL,NULL,'Medium','customer_task','Tasks','0','Outbound',40,100,'none','12:00','6',0,NULL,NULL,1,1,NULL,'f25af636-869d-11e7-acd9-5254009e5526','74c487f0-869d-11e7-81da-5254009e5526',NULL,NULL);
INSERT INTO `dri_workflow_task_templates` VALUES ('95ff7aa6-93db-11e7-aa6d-5254009e5526','CS Access List','2019-06-10 10:54:24','2019-06-10 10:54:24','26402598-50be-ec49-1490-51028469b0e9','26402598-50be-ec49-1490-51028469b0e9',NULL,0,'1','1',NULL,NULL,NULL,NULL,NULL,NULL,NULL,'Medium','automatic_task','Tasks','0','Outbound',10,100,'none','12:00','4.4',0,NULL,NULL,1,0,NULL,'ac343258-869d-11e7-8922-5254009e5526','74c487f0-869d-11e7-81da-5254009e5526',NULL,'0e932846-86a3-11e7-a448-5254009e5526');
INSERT INTO `dri_workflow_task_templates` VALUES ('9a1ae984-fcca-11e6-b223-5254009e5526','Hand over to delivery','2019-06-10 10:54:24','2019-06-10 10:54:24','26402598-50be-ec49-1490-51028469b0e9','26402598-50be-ec49-1490-51028469b0e9',NULL,0,'1','1',NULL,'days_from_previous_activity_completed',NULL,NULL,NULL,NULL,NULL,'High','internal_task','Tasks','0','Outbound',10,100,'none','12:00','3',1,NULL,NULL,1,0,NULL,'755a0e64-fcc9-11e6-81ea-5254009e5526','467fb2a6-fcc9-11e6-b7a6-5254009e5526',NULL,NULL);
INSERT INTO `dri_workflow_task_templates` VALUES ('9a92f94a-fa6f-11e6-8f87-5254009e5526','Prepare Quotation','2019-06-10 10:54:24','2019-06-10 10:54:24','26402598-50be-ec49-1490-51028469b0e9','26402598-50be-ec49-1490-51028469b0e9',NULL,0,'1','1',NULL,'days_from_stage_started',NULL,NULL,NULL,NULL,NULL,'High','internal_task','Tasks','0','Outbound',10,100,'none','12:00','1',1,NULL,NULL,1,0,NULL,'7a9e265a-5b23-11e6-bc07-5254009e5526','57daaef6-5b1c-11e6-a4fe-5254009e5526',NULL,NULL);
INSERT INTO `dri_workflow_task_templates` VALUES ('9bb93e54-f837-11e6-9c0b-5254009e5526','Plan for contract review meeting','2019-06-10 10:54:24','2019-06-10 10:54:24','26402598-50be-ec49-1490-51028469b0e9','26402598-50be-ec49-1490-51028469b0e9',NULL,0,'1','1',NULL,NULL,NULL,NULL,NULL,NULL,NULL,'Medium','internal_task','Tasks','0','Outbound',10,100,'none','12:00','2',0,NULL,NULL,1,0,NULL,'080ba30a-f836-11e6-af76-5254009e5526','ea1ecdea-f835-11e6-b8bd-5254009e5526',NULL,NULL);
INSERT INTO `dri_workflow_task_templates` VALUES ('9bd402d6-93da-11e7-a86c-5254009e5526','Pay Access List','2019-06-10 10:54:24','2019-06-10 10:54:24','26402598-50be-ec49-1490-51028469b0e9','26402598-50be-ec49-1490-51028469b0e9',NULL,0,'1','1',NULL,NULL,NULL,NULL,NULL,NULL,NULL,'Medium','automatic_task','Tasks','0','Outbound',10,100,'none','12:00','2.1',0,NULL,NULL,1,0,'[]','ac343258-869d-11e7-8922-5254009e5526','74c487f0-869d-11e7-81da-5254009e5526',NULL,'f46f71fe-86a2-11e7-8268-5254009e5526');
INSERT INTO `dri_workflow_task_templates` VALUES ('9ceee73a-5b23-11e6-bfa4-5254009e5526','Shows Interest','2019-06-10 10:54:24','2019-06-10 10:54:24','26402598-50be-ec49-1490-51028469b0e9','26402598-50be-ec49-1490-51028469b0e9',NULL,0,'1','1',NULL,NULL,NULL,NULL,NULL,NULL,NULL,'Medium','customer_task','Tasks','0','Outbound',10,100,'none','12:00','1',0,NULL,NULL,1,0,NULL,'6ad46838-5b23-11e6-9708-5254009e5526','57daaef6-5b1c-11e6-a4fe-5254009e5526',NULL,NULL);
INSERT INTO `dri_workflow_task_templates` VALUES ('9daa490e-93d4-11e7-a002-5254009e5526','A17 Generate Report','2019-06-10 10:54:24','2019-06-10 10:54:24','26402598-50be-ec49-1490-51028469b0e9','26402598-50be-ec49-1490-51028469b0e9',NULL,0,'1','1',NULL,NULL,NULL,NULL,NULL,NULL,NULL,'Medium','internal_task','Tasks','0','Outbound',10,100,'none','12:00','3.2',0,NULL,NULL,1,0,NULL,'f25af636-869d-11e7-acd9-5254009e5526','74c487f0-869d-11e7-81da-5254009e5526',NULL,'4619612c-869e-11e7-bc39-5254009e5526');
INSERT INTO `dri_workflow_task_templates` VALUES ('a0098ba4-5ef3-11e6-8b9d-5254009e5526','Advise Customer Issue Resolved','2019-06-10 10:54:24','2019-06-10 10:54:24','26402598-50be-ec49-1490-51028469b0e9','26402598-50be-ec49-1490-51028469b0e9',NULL,0,'1','1',NULL,'days_from_stage_started',NULL,NULL,NULL,NULL,NULL,'Medium','internal_task','Tasks','0','Outbound',10,100,'none','12:00','6',1,NULL,NULL,1,0,'[\"876119dc-5ef3-11e6-a9cb-5254009e5526\"]','c1091dba-5ee9-11e6-8949-5254009e5526','241ed50e-5ee8-11e6-ad9d-5254009e5526',NULL,NULL);
INSERT INTO `dri_workflow_task_templates` VALUES ('a2b29820-fcf8-11e6-8f3e-3c15c2bc32c0','Q4 meeting','2019-06-10 10:54:24','2019-06-10 10:54:24','26402598-50be-ec49-1490-51028469b0e9','26402598-50be-ec49-1490-51028469b0e9',NULL,0,'1','1',NULL,'days_from_previous_activity_completed',NULL,NULL,NULL,NULL,NULL,'Medium','customer_task','Meetings','0','Outbound',10,100,'none','12:00','4',1,NULL,NULL,1,0,'[\"aedb6c6e-f837-11e6-b602-5254009e5526\"]','080ba30a-f836-11e6-af76-5254009e5526','ea1ecdea-f835-11e6-b8bd-5254009e5526',NULL,NULL);
INSERT INTO `dri_workflow_task_templates` VALUES ('a3d33c40-9bb0-11e6-863c-5254009e5526','Narrow possible Ninja training facilities','2019-06-10 10:54:24','2019-06-10 10:54:24','26402598-50be-ec49-1490-51028469b0e9','26402598-50be-ec49-1490-51028469b0e9',NULL,0,'1','1',NULL,'days_from_created',NULL,NULL,NULL,NULL,NULL,'Medium','internal_task','Tasks','0','Outbound',10,100,'none','12:00','3',1,NULL,NULL,1,0,NULL,'04c555b6-9bb0-11e6-a889-5254009e5526','95ce91b8-9baf-11e6-8e72-5254009e5526',NULL,NULL);
INSERT INTO `dri_workflow_task_templates` VALUES ('a4254896-93d5-11e7-83eb-5254009e5526','A21 Authorize Sending','2019-06-10 10:54:24','2019-06-10 10:54:24','26402598-50be-ec49-1490-51028469b0e9','26402598-50be-ec49-1490-51028469b0e9',NULL,0,'1','1',NULL,NULL,NULL,NULL,NULL,NULL,NULL,'Medium','internal_task','Tasks','0','Outbound',10,100,'none','12:00','6.3',0,NULL,NULL,1,0,NULL,'f25af636-869d-11e7-acd9-5254009e5526','74c487f0-869d-11e7-81da-5254009e5526',NULL,'9521bbfc-869e-11e7-8551-5254009e5526');
INSERT INTO `dri_workflow_task_templates` VALUES ('a48f6680-f836-11e6-a884-5254009e5526','Check status, support and turnover','2019-06-10 10:54:24','2019-06-10 10:54:24','26402598-50be-ec49-1490-51028469b0e9','26402598-50be-ec49-1490-51028469b0e9',NULL,0,'1','1',NULL,'days_from_stage_started',NULL,NULL,NULL,NULL,NULL,'Medium','internal_task','Tasks','0','Outbound',10,100,'none','12:00','1',1,NULL,NULL,1,0,NULL,'fbe7b73a-f835-11e6-9f29-5254009e5526','ea1ecdea-f835-11e6-b8bd-5254009e5526',NULL,NULL);
INSERT INTO `dri_workflow_task_templates` VALUES ('a65203be-93dc-11e7-98dd-5254009e5526','Permission Definition','2019-06-10 10:54:24','2019-06-10 10:54:24','26402598-50be-ec49-1490-51028469b0e9','26402598-50be-ec49-1490-51028469b0e9',NULL,0,'1','1',NULL,NULL,NULL,NULL,NULL,NULL,NULL,'Medium','internal_task','Tasks','0','Outbound',10,100,'none','12:00','2.1',0,NULL,NULL,1,0,NULL,'48deb2e2-86a1-11e7-a438-5254009e5526','74c487f0-869d-11e7-81da-5254009e5526',NULL,'7e798396-86a1-11e7-a0df-5254009e5526');
INSERT INTO `dri_workflow_task_templates` VALUES ('a6e1a71a-86a0-11e7-9ce4-5254009e5526','CRM Personal Data List','2019-06-10 10:54:24','2019-06-10 10:54:24','26402598-50be-ec49-1490-51028469b0e9','26402598-50be-ec49-1490-51028469b0e9',NULL,0,'1','1',NULL,NULL,NULL,NULL,NULL,NULL,NULL,'Medium','automatic_task','Tasks','0','Outbound',10,100,'none','12:00','1.1',0,NULL,NULL,1,0,NULL,'ac343258-869d-11e7-8922-5254009e5526','74c487f0-869d-11e7-81da-5254009e5526',NULL,'910a37f4-86a0-11e7-be1b-5254009e5526');
INSERT INTO `dri_workflow_task_templates` VALUES ('a7afb2b6-9bb1-11e6-b231-5254009e5526','Attend first Ninja class','2019-06-10 10:54:24','2019-06-10 10:54:24','26402598-50be-ec49-1490-51028469b0e9','26402598-50be-ec49-1490-51028469b0e9',NULL,0,'1','1',NULL,'days_from_created',NULL,NULL,NULL,NULL,NULL,'High','internal_task','Tasks','0','Outbound',10,100,'none','12:00','1',5,NULL,NULL,1,0,NULL,'3560f770-9bb0-11e6-bd59-5254009e5526','95ce91b8-9baf-11e6-8e72-5254009e5526',NULL,NULL);
INSERT INTO `dri_workflow_task_templates` VALUES ('a8afd758-fa71-11e6-be7d-5254009e5526','Book meeting for presentation','2019-06-10 10:54:24','2019-06-10 10:54:24','26402598-50be-ec49-1490-51028469b0e9','26402598-50be-ec49-1490-51028469b0e9',NULL,0,'1','1',NULL,'days_from_stage_started',NULL,NULL,NULL,NULL,NULL,'Medium','customer_task','Meetings','0','Outbound',10,100,'none','12:00','1',1,NULL,NULL,1,0,NULL,'73787c86-5b23-11e6-b5d4-5254009e5526','57daaef6-5b1c-11e6-a4fe-5254009e5526',NULL,NULL);
INSERT INTO `dri_workflow_task_templates` VALUES ('a936cfb0-9bb2-11e6-a201-5254009e5526','Dry clean ninja suit','2019-06-10 10:54:24','2019-06-10 10:54:24','26402598-50be-ec49-1490-51028469b0e9','26402598-50be-ec49-1490-51028469b0e9',NULL,0,'1','1',NULL,'days_from_created',NULL,NULL,NULL,NULL,NULL,'Medium','internal_task','Tasks','0','Outbound',10,100,'none','12:00','8',6,NULL,NULL,1,0,NULL,'4b031cb6-9bb0-11e6-92af-5254009e5526','95ce91b8-9baf-11e6-8e72-5254009e5526',NULL,NULL);
INSERT INTO `dri_workflow_task_templates` VALUES ('a96b911e-fcc9-11e6-97df-5254009e5526','Book meeting for presentation of solution','2019-06-10 10:54:24','2019-06-10 10:54:24','26402598-50be-ec49-1490-51028469b0e9','26402598-50be-ec49-1490-51028469b0e9',NULL,0,'1','1',NULL,'days_from_previous_activity_completed',NULL,NULL,NULL,NULL,NULL,'Medium','internal_task','Tasks','0','Outbound',10,100,'none','12:00','2',1,NULL,NULL,1,0,'[\"8de75a7c-fcc9-11e6-85ac-5254009e5526\"]','5deef3ac-fcc9-11e6-9550-5254009e5526','467fb2a6-fcc9-11e6-b7a6-5254009e5526',NULL,NULL);
INSERT INTO `dri_workflow_task_templates` VALUES ('aa390468-6f58-11e6-bdf2-5254009e5526','Newsletter MockUp Accepted','2019-06-10 10:54:24','2019-06-10 10:54:24','26402598-50be-ec49-1490-51028469b0e9','26402598-50be-ec49-1490-51028469b0e9',NULL,0,'1','1',NULL,NULL,NULL,NULL,NULL,NULL,NULL,'Medium','internal_task','Tasks','0','Outbound',10,100,'none','12:00','4',0,NULL,NULL,1,0,'[\"67c9b1fe-6f58-11e6-8ec3-5254009e5526\"]','08286af2-6f57-11e6-83fa-5254009e5526','ceef2f14-6f56-11e6-8f28-5254009e5526',NULL,NULL);
INSERT INTO `dri_workflow_task_templates` VALUES ('acd81f86-5b23-11e6-908b-5254009e5526','Deal Won','2019-06-10 10:54:24','2019-06-10 10:54:24','26402598-50be-ec49-1490-51028469b0e9','26402598-50be-ec49-1490-51028469b0e9',NULL,0,'1','1',NULL,NULL,NULL,NULL,NULL,NULL,NULL,'High','milestone','Tasks','0','Outbound',10,100,'none','12:00','1',0,NULL,NULL,1,0,NULL,'880f226c-5b23-11e6-b746-5254009e5526','57daaef6-5b1c-11e6-a4fe-5254009e5526',NULL,NULL);
INSERT INTO `dri_workflow_task_templates` VALUES ('ad19671c-6f59-11e6-a00b-5254009e5526','Validation Final Target List','2019-06-10 10:54:24','2019-06-10 10:54:24','26402598-50be-ec49-1490-51028469b0e9','26402598-50be-ec49-1490-51028469b0e9',NULL,0,'1','1',NULL,NULL,NULL,NULL,NULL,NULL,NULL,'Medium','internal_task','Tasks','0','Outbound',10,100,'none','12:00','1',0,NULL,NULL,1,0,NULL,'b55f1554-6f57-11e6-960c-5254009e5526','ceef2f14-6f56-11e6-8f28-5254009e5526',NULL,NULL);
INSERT INTO `dri_workflow_task_templates` VALUES ('ad976256-93da-11e7-b56e-5254009e5526','MA Personal Data List','2019-06-10 10:54:24','2019-06-10 10:54:24','26402598-50be-ec49-1490-51028469b0e9','26402598-50be-ec49-1490-51028469b0e9',NULL,0,'1','1',NULL,NULL,NULL,NULL,NULL,NULL,NULL,'Medium','automatic_task','Tasks','0','Outbound',10,100,'none','12:00','3.1',0,NULL,NULL,1,0,NULL,'ac343258-869d-11e7-8922-5254009e5526','74c487f0-869d-11e7-81da-5254009e5526',NULL,'00752854-86a3-11e7-b743-5254009e5526');
INSERT INTO `dri_workflow_task_templates` VALUES ('aedb6c6e-f837-11e6-b602-5254009e5526','Book Q4 meeting','2019-06-10 10:54:24','2019-06-10 10:54:24','26402598-50be-ec49-1490-51028469b0e9','26402598-50be-ec49-1490-51028469b0e9',NULL,0,'1','1',NULL,'days_from_previous_activity_completed',NULL,NULL,NULL,NULL,NULL,'Medium','internal_task','Tasks','0','Outbound',10,100,'none','12:00','3',1,NULL,NULL,1,0,'[\"9bb93e54-f837-11e6-9c0b-5254009e5526\"]','080ba30a-f836-11e6-af76-5254009e5526','ea1ecdea-f835-11e6-b8bd-5254009e5526',NULL,NULL);
INSERT INTO `dri_workflow_task_templates` VALUES ('b37a1a5c-f839-11e6-9d80-5254009e5526','We have a opportunity','2019-06-10 10:54:24','2019-06-10 10:54:24','26402598-50be-ec49-1490-51028469b0e9','26402598-50be-ec49-1490-51028469b0e9','Convert the lead and select the right opportunity journey according to product / service ',0,'1','1',NULL,'days_from_previous_activity_completed',NULL,NULL,NULL,NULL,NULL,'High','milestone','Tasks','0','Outbound',10,100,'none','12:00','6',1,NULL,NULL,1,0,NULL,'bb3c1f84-f838-11e6-b5aa-5254009e5526','6c671044-f838-11e6-90aa-5254009e5526',NULL,NULL);
INSERT INTO `dri_workflow_task_templates` VALUES ('b3a17dbc-93d5-11e7-9ac6-5254009e5526','A21 Send Information & Log','2019-06-10 10:54:24','2019-06-10 10:54:24','26402598-50be-ec49-1490-51028469b0e9','26402598-50be-ec49-1490-51028469b0e9',NULL,0,'1','1',NULL,NULL,NULL,NULL,NULL,NULL,NULL,'Medium','internal_task','Tasks','0','Outbound',10,100,'none','12:00','6.4',0,NULL,NULL,1,0,NULL,'f25af636-869d-11e7-acd9-5254009e5526','74c487f0-869d-11e7-81da-5254009e5526',NULL,'9521bbfc-869e-11e7-8551-5254009e5526');
INSERT INTO `dri_workflow_task_templates` VALUES ('b4d0ced0-9bb1-11e6-9bf7-5254009e5526','Buy Katanas','2019-06-10 10:54:24','2019-06-10 10:54:24','26402598-50be-ec49-1490-51028469b0e9','26402598-50be-ec49-1490-51028469b0e9',NULL,0,'1','1',NULL,'days_from_created',NULL,NULL,NULL,NULL,NULL,'Medium','customer_task','Tasks','0','Outbound',7,100,'none','12:00','2',1,NULL,NULL,1,0,NULL,'3560f770-9bb0-11e6-bd59-5254009e5526','95ce91b8-9baf-11e6-8e72-5254009e5526',NULL,NULL);
INSERT INTO `dri_workflow_task_templates` VALUES ('b5407aae-93dc-11e7-96f8-5254009e5526','Permission Notification','2019-06-10 10:54:24','2019-06-10 10:54:24','26402598-50be-ec49-1490-51028469b0e9','26402598-50be-ec49-1490-51028469b0e9',NULL,0,'1','1',NULL,NULL,NULL,NULL,NULL,NULL,NULL,'Medium','internal_task','Tasks','0','Outbound',10,100,'none','12:00','2.2',0,NULL,NULL,1,0,NULL,'48deb2e2-86a1-11e7-a438-5254009e5526','74c487f0-869d-11e7-81da-5254009e5526',NULL,'7e798396-86a1-11e7-a0df-5254009e5526');
INSERT INTO `dri_workflow_task_templates` VALUES ('b7ef005e-9bb2-11e6-a1af-5254009e5526','Go back to work','2019-06-10 10:54:24','2019-06-10 10:54:24','26402598-50be-ec49-1490-51028469b0e9','26402598-50be-ec49-1490-51028469b0e9',NULL,0,'1','1',NULL,'days_from_created',NULL,NULL,NULL,NULL,NULL,'Medium','milestone','Tasks','0','Outbound',10,100,'none','12:00','9',65,NULL,NULL,1,0,NULL,'4b031cb6-9bb0-11e6-92af-5254009e5526','95ce91b8-9baf-11e6-8e72-5254009e5526',NULL,NULL);
INSERT INTO `dri_workflow_task_templates` VALUES ('b9896888-5b24-11e6-aec5-5254009e5526','Decision Makers Identified','2019-06-10 10:54:24','2019-06-10 10:54:24','26402598-50be-ec49-1490-51028469b0e9','26402598-50be-ec49-1490-51028469b0e9',NULL,0,'1','1',NULL,NULL,NULL,NULL,NULL,NULL,NULL,'Medium','internal_task','Tasks','0','Outbound',10,100,'none','12:00','1',0,NULL,NULL,1,0,NULL,'771db658-5b23-11e6-b936-5254009e5526','57daaef6-5b1c-11e6-a4fe-5254009e5526',NULL,NULL);
INSERT INTO `dri_workflow_task_templates` VALUES ('ba4f58f6-86a0-11e7-b49f-5254009e5526','CRM Permission/Exception','2019-06-10 10:54:24','2019-06-10 10:54:24','26402598-50be-ec49-1490-51028469b0e9','26402598-50be-ec49-1490-51028469b0e9',NULL,0,'1','1',NULL,NULL,NULL,NULL,NULL,NULL,NULL,'Medium','automatic_task','Tasks','0','Outbound',10,100,'none','12:00','1.2',0,NULL,NULL,1,0,NULL,'ac343258-869d-11e7-8922-5254009e5526','74c487f0-869d-11e7-81da-5254009e5526',NULL,'910a37f4-86a0-11e7-be1b-5254009e5526');
INSERT INTO `dri_workflow_task_templates` VALUES ('bdcc7b16-93da-11e7-aa47-5254009e5526','MA Permission/Exception','2019-06-10 10:54:24','2019-06-10 10:54:24','26402598-50be-ec49-1490-51028469b0e9','26402598-50be-ec49-1490-51028469b0e9',NULL,0,'1','1',NULL,NULL,NULL,NULL,NULL,NULL,NULL,'Medium','automatic_task','Tasks','0','Outbound',10,100,'none','12:00','3.2',0,NULL,NULL,1,0,NULL,'ac343258-869d-11e7-8922-5254009e5526','74c487f0-869d-11e7-81da-5254009e5526',NULL,'00752854-86a3-11e7-b743-5254009e5526');
INSERT INTO `dri_workflow_task_templates` VALUES ('bfae2656-93d4-11e7-95b4-5254009e5526','A17 Authorize Sending','2019-06-10 10:54:24','2019-06-10 10:54:24','26402598-50be-ec49-1490-51028469b0e9','26402598-50be-ec49-1490-51028469b0e9',NULL,0,'1','1',NULL,NULL,NULL,NULL,NULL,NULL,NULL,'Medium','internal_task','Tasks','0','Outbound',10,100,'none','12:00','3.3',0,NULL,NULL,1,0,NULL,'f25af636-869d-11e7-acd9-5254009e5526','74c487f0-869d-11e7-81da-5254009e5526',NULL,'4619612c-869e-11e7-bc39-5254009e5526');
INSERT INTO `dri_workflow_task_templates` VALUES ('c07149fe-f836-11e6-920f-5254009e5526','Book Q2 meeting','2019-06-10 10:54:24','2019-06-10 10:54:24','26402598-50be-ec49-1490-51028469b0e9','26402598-50be-ec49-1490-51028469b0e9',NULL,0,'1','1',NULL,'days_from_previous_activity_completed',NULL,NULL,NULL,NULL,NULL,'Medium','internal_task','Tasks','0','Outbound',10,100,'none','12:00','2',1,NULL,NULL,1,0,'[\"a48f6680-f836-11e6-a884-5254009e5526\"]','fbe7b73a-f835-11e6-9f29-5254009e5526','ea1ecdea-f835-11e6-b8bd-5254009e5526',NULL,NULL);
INSERT INTO `dri_workflow_task_templates` VALUES ('c0e7e8e2-fcc9-11e6-9e14-5254009e5526','Identify Power','2019-06-10 10:54:24','2019-06-10 10:54:24','26402598-50be-ec49-1490-51028469b0e9','26402598-50be-ec49-1490-51028469b0e9',NULL,0,'1','1',NULL,'days_from_previous_activity_completed',NULL,NULL,NULL,NULL,NULL,'High','internal_task','Tasks','0','Outbound',10,100,'none','12:00','3',1,NULL,NULL,1,0,NULL,'5deef3ac-fcc9-11e6-9550-5254009e5526','467fb2a6-fcc9-11e6-b7a6-5254009e5526',NULL,NULL);
INSERT INTO `dri_workflow_task_templates` VALUES ('c0ee320c-93db-11e7-98d6-5254009e5526','Support Personal Data List','2019-06-10 10:54:24','2019-06-10 10:54:24','26402598-50be-ec49-1490-51028469b0e9','26402598-50be-ec49-1490-51028469b0e9',NULL,0,'1','1',NULL,NULL,NULL,NULL,NULL,NULL,NULL,'Medium','automatic_task','Tasks','0','Outbound',10,100,'none','12:00','5.1',0,NULL,NULL,1,0,NULL,'ac343258-869d-11e7-8922-5254009e5526','74c487f0-869d-11e7-81da-5254009e5526',NULL,'1cbe3faa-86a3-11e7-b12c-5254009e5526');
INSERT INTO `dri_workflow_task_templates` VALUES ('c1d1b49a-f837-11e6-9f40-5254009e5526','Any new services / products for the new contract','2019-06-10 10:54:24','2019-06-10 10:54:24','26402598-50be-ec49-1490-51028469b0e9','26402598-50be-ec49-1490-51028469b0e9',NULL,0,'1','1',NULL,'days_from_previous_activity_completed',NULL,NULL,NULL,NULL,NULL,'Medium','customer_task','Tasks','0','Outbound',10,100,'none','12:00','5',1,NULL,NULL,1,0,NULL,'080ba30a-f836-11e6-af76-5254009e5526','ea1ecdea-f835-11e6-b8bd-5254009e5526',NULL,NULL);
INSERT INTO `dri_workflow_task_templates` VALUES ('c1dce36a-93dc-11e7-ad75-5254009e5526','Permission Receipt Confirmatoin','2019-06-10 10:54:24','2019-06-10 10:54:24','26402598-50be-ec49-1490-51028469b0e9','26402598-50be-ec49-1490-51028469b0e9',NULL,0,'1','1',NULL,NULL,NULL,NULL,NULL,NULL,NULL,'Medium','customer_task','Tasks','0','Outbound',10,100,'none','12:00','2.3',0,NULL,NULL,1,0,NULL,'48deb2e2-86a1-11e7-a438-5254009e5526','74c487f0-869d-11e7-81da-5254009e5526',NULL,'7e798396-86a1-11e7-a0df-5254009e5526');
INSERT INTO `dri_workflow_task_templates` VALUES ('c24fc8ea-9bb1-11e6-a3bd-5254009e5526','Practice with Katanas for 1h','2019-06-10 10:54:24','2019-06-10 10:54:24','26402598-50be-ec49-1490-51028469b0e9','26402598-50be-ec49-1490-51028469b0e9',NULL,0,'1','1',NULL,'days_from_created',NULL,NULL,NULL,NULL,NULL,'Medium','customer_task','Tasks','0','Outbound',10,100,'none','12:00','3',1,NULL,NULL,1,0,NULL,'3560f770-9bb0-11e6-bd59-5254009e5526','95ce91b8-9baf-11e6-8e72-5254009e5526',NULL,NULL);
INSERT INTO `dri_workflow_task_templates` VALUES ('c68eaf18-fcf8-11e6-a0a7-3c15c2bc32c0','Q3 meeting','2019-06-10 10:54:24','2019-06-10 10:54:24','26402598-50be-ec49-1490-51028469b0e9','26402598-50be-ec49-1490-51028469b0e9',NULL,0,'1','1',NULL,'days_from_previous_activity_completed',NULL,NULL,NULL,NULL,NULL,'Medium','customer_task','Meetings','0','Outbound',10,100,'none','12:00','3',1,NULL,NULL,1,0,'[\"277e9426-f837-11e6-87e5-5254009e5526\"]','01a62f80-f836-11e6-b51e-5254009e5526','ea1ecdea-f835-11e6-b8bd-5254009e5526',NULL,NULL);
INSERT INTO `dri_workflow_task_templates` VALUES ('c908feb4-fa6f-11e6-8d8b-5254009e5526','3rd party clarification','2019-06-10 10:54:24','2019-06-10 10:54:24','26402598-50be-ec49-1490-51028469b0e9','26402598-50be-ec49-1490-51028469b0e9',NULL,0,'1','1',NULL,'days_from_previous_activity_completed',NULL,NULL,NULL,NULL,NULL,'High','agency_task','Tasks','0','Outbound',10,100,'none','12:00','2',1,NULL,NULL,1,0,NULL,'7a9e265a-5b23-11e6-bc07-5254009e5526','57daaef6-5b1c-11e6-a4fe-5254009e5526',NULL,NULL);
INSERT INTO `dri_workflow_task_templates` VALUES ('ca94b120-93d4-11e7-8178-5254009e5526','A17 Send Information & Log','2019-06-10 10:54:24','2019-06-10 10:54:24','26402598-50be-ec49-1490-51028469b0e9','26402598-50be-ec49-1490-51028469b0e9',NULL,0,'1','1',NULL,NULL,NULL,NULL,NULL,NULL,NULL,'Medium','internal_task','Tasks','0','Outbound',10,100,'none','12:00','3.4',0,NULL,NULL,1,0,NULL,'f25af636-869d-11e7-acd9-5254009e5526','74c487f0-869d-11e7-81da-5254009e5526',NULL,'4619612c-869e-11e7-bc39-5254009e5526');
INSERT INTO `dri_workflow_task_templates` VALUES ('cc131fc0-5eef-11e6-b5f1-5254009e5526','Allocate to Resolution Team','2019-06-10 10:54:24','2019-06-10 10:54:24','26402598-50be-ec49-1490-51028469b0e9','26402598-50be-ec49-1490-51028469b0e9',NULL,0,'1','1',NULL,'days_from_previous_activity_completed',NULL,NULL,NULL,NULL,NULL,'Medium','internal_task','Tasks','0','Outbound',10,100,'none','12:00','4',2,NULL,NULL,1,0,'[\"04b5e4ba-5eec-11e6-a411-5254009e5526\"]','b667519c-5ee9-11e6-8fb9-5254009e5526','241ed50e-5ee8-11e6-ad9d-5254009e5526',NULL,NULL);
INSERT INTO `dri_workflow_task_templates` VALUES ('d0e4fd64-86a0-11e7-82b1-5254009e5526','CRM Discrim:  NONE CAPTURED','2019-06-10 10:54:24','2019-06-10 10:54:24','26402598-50be-ec49-1490-51028469b0e9','26402598-50be-ec49-1490-51028469b0e9',NULL,0,'1','1',NULL,NULL,NULL,NULL,NULL,NULL,NULL,'Medium','automatic_task','Tasks','0','Outbound',10,100,'none','12:00','1.3',0,NULL,NULL,1,0,NULL,'ac343258-869d-11e7-8922-5254009e5526','74c487f0-869d-11e7-81da-5254009e5526',NULL,'910a37f4-86a0-11e7-be1b-5254009e5526');
INSERT INTO `dri_workflow_task_templates` VALUES ('d29a900e-9bb1-11e6-9e24-5254009e5526','Drive self to hospital','2019-06-10 10:54:24','2019-06-10 10:54:24','26402598-50be-ec49-1490-51028469b0e9','26402598-50be-ec49-1490-51028469b0e9','Katana injuries',0,'1','1',NULL,'days_from_created',NULL,NULL,NULL,NULL,NULL,'Medium','internal_task','Tasks','0','Outbound',10,100,'none','12:00','4',1,NULL,NULL,1,0,NULL,'3560f770-9bb0-11e6-bd59-5254009e5526','95ce91b8-9baf-11e6-8e72-5254009e5526',NULL,NULL);
INSERT INTO `dri_workflow_task_templates` VALUES ('d3108df4-93db-11e7-9864-5254009e5526','Support Permission/Exception','2019-06-10 10:54:24','2019-06-10 10:54:24','26402598-50be-ec49-1490-51028469b0e9','26402598-50be-ec49-1490-51028469b0e9',NULL,0,'1','1',NULL,NULL,NULL,NULL,NULL,NULL,NULL,'Medium','automatic_task','Tasks','0','Outbound',10,100,'none','12:00','5.2',0,NULL,NULL,1,0,NULL,'ac343258-869d-11e7-8922-5254009e5526','74c487f0-869d-11e7-81da-5254009e5526',NULL,'1cbe3faa-86a3-11e7-b12c-5254009e5526');
INSERT INTO `dri_workflow_task_templates` VALUES ('d566683c-fcf8-11e6-acc3-3c15c2bc32c0','Q2 meeting','2019-06-10 10:54:24','2019-06-10 10:54:24','26402598-50be-ec49-1490-51028469b0e9','26402598-50be-ec49-1490-51028469b0e9',NULL,0,'1','1',NULL,'days_from_previous_activity_completed',NULL,NULL,NULL,NULL,NULL,'Medium','customer_task','Meetings','0','Outbound',10,100,'none','12:00','3',1,NULL,NULL,1,0,'[\"c07149fe-f836-11e6-920f-5254009e5526\"]','fbe7b73a-f835-11e6-9f29-5254009e5526','ea1ecdea-f835-11e6-b8bd-5254009e5526',NULL,NULL);
INSERT INTO `dri_workflow_task_templates` VALUES ('d58cbf4c-5eeb-11e6-a3f2-5254009e5526','Acknowledge Case receipt to customer','2019-06-10 10:54:24','2019-06-10 10:54:24','26402598-50be-ec49-1490-51028469b0e9','26402598-50be-ec49-1490-51028469b0e9',NULL,0,'1','1',NULL,'days_from_stage_started',NULL,NULL,NULL,NULL,NULL,'Medium','customer_task','Tasks','0','Outbound',10,100,'none','12:00','2',1,NULL,NULL,1,0,NULL,'9a4b132c-5ee9-11e6-9456-5254009e5526','241ed50e-5ee8-11e6-ad9d-5254009e5526',NULL,NULL);
INSERT INTO `dri_workflow_task_templates` VALUES ('d6557bde-6f59-11e6-a08b-5254009e5526','Email Sending','2019-06-10 10:54:24','2019-06-10 10:54:24','26402598-50be-ec49-1490-51028469b0e9','26402598-50be-ec49-1490-51028469b0e9',NULL,0,'1','1',NULL,NULL,NULL,NULL,NULL,NULL,NULL,'Medium','internal_task','Tasks','0','Outbound',10,100,'none','12:00','2',0,NULL,NULL,1,0,'[\"ad19671c-6f59-11e6-a00b-5254009e5526\"]','b55f1554-6f57-11e6-960c-5254009e5526','ceef2f14-6f56-11e6-8f28-5254009e5526',NULL,NULL);
INSERT INTO `dri_workflow_task_templates` VALUES ('d7475f82-f837-11e6-9140-5254009e5526','Draft new contract and plan presentation','2019-06-10 10:54:24','2019-06-10 10:54:24','26402598-50be-ec49-1490-51028469b0e9','26402598-50be-ec49-1490-51028469b0e9',NULL,0,'1','1',NULL,'days_from_previous_activity_completed',NULL,NULL,NULL,NULL,NULL,'Medium','internal_task','Tasks','0','Outbound',10,100,'none','12:00','6',1,NULL,NULL,1,0,NULL,'080ba30a-f836-11e6-af76-5254009e5526','ea1ecdea-f835-11e6-b8bd-5254009e5526',NULL,NULL);
INSERT INTO `dri_workflow_task_templates` VALUES ('d817133c-93da-11e7-bf63-5254009e5526','MA Discrim:  NONE USED','2019-06-10 10:54:24','2019-06-10 10:54:24','26402598-50be-ec49-1490-51028469b0e9','26402598-50be-ec49-1490-51028469b0e9',NULL,0,'1','1',NULL,NULL,NULL,NULL,NULL,NULL,NULL,'Medium','automatic_task','Tasks','0','Outbound',10,100,'none','12:00','3.3',0,NULL,NULL,1,0,NULL,'ac343258-869d-11e7-8922-5254009e5526','74c487f0-869d-11e7-81da-5254009e5526',NULL,'00752854-86a3-11e7-b743-5254009e5526');
INSERT INTO `dri_workflow_task_templates` VALUES ('dbe88326-6f58-11e6-b3ec-5254009e5526','Newsletter Html received','2019-06-10 10:54:24','2019-06-10 10:54:24','26402598-50be-ec49-1490-51028469b0e9','26402598-50be-ec49-1490-51028469b0e9',NULL,0,'1','1',NULL,NULL,NULL,NULL,NULL,NULL,NULL,'Medium','agency_task','Tasks','0','Outbound',10,100,'none','12:00','1',0,NULL,NULL,1,0,NULL,'6839fc62-6f57-11e6-a53c-5254009e5526','ceef2f14-6f56-11e6-8f28-5254009e5526',NULL,NULL);
INSERT INTO `dri_workflow_task_templates` VALUES ('dfa37c72-93d4-11e7-a449-5254009e5526','A18 Capture & confirm Request','2019-06-10 10:54:24','2019-06-10 10:54:24','26402598-50be-ec49-1490-51028469b0e9','26402598-50be-ec49-1490-51028469b0e9',NULL,0,'1','1',NULL,NULL,NULL,NULL,NULL,NULL,NULL,'Medium','internal_task','Tasks','0','Outbound',10,100,'none','12:00','4.1',0,NULL,NULL,1,0,'[]','f25af636-869d-11e7-acd9-5254009e5526','74c487f0-869d-11e7-81da-5254009e5526',NULL,'59dab896-869e-11e7-a490-5254009e5526');
INSERT INTO `dri_workflow_task_templates` VALUES ('e1470934-f836-11e6-9ea0-5254009e5526','Agree on action plan and forecast next 6 months','2019-06-10 10:54:24','2019-06-10 10:54:24','26402598-50be-ec49-1490-51028469b0e9','26402598-50be-ec49-1490-51028469b0e9',NULL,0,'1','1',NULL,'days_from_previous_activity_completed',NULL,NULL,NULL,NULL,NULL,'High','customer_task','Tasks','0','Outbound',10,100,'none','12:00','4',1,NULL,NULL,1,0,NULL,'fbe7b73a-f835-11e6-9f29-5254009e5526','ea1ecdea-f835-11e6-b8bd-5254009e5526',NULL,NULL);
INSERT INTO `dri_workflow_task_templates` VALUES ('e1ebba88-9bb1-11e6-af52-5254009e5526','Continue remaining classes','2019-06-10 10:54:24','2019-06-10 10:54:24','26402598-50be-ec49-1490-51028469b0e9','26402598-50be-ec49-1490-51028469b0e9',NULL,0,'1','1',NULL,'days_from_created',NULL,NULL,NULL,NULL,NULL,'High','internal_task','Tasks','0','Outbound',10,100,'none','12:00','5',1,NULL,NULL,1,0,NULL,'3560f770-9bb0-11e6-bd59-5254009e5526','95ce91b8-9baf-11e6-8e72-5254009e5526',NULL,NULL);
INSERT INTO `dri_workflow_task_templates` VALUES ('e2b06da6-93db-11e7-915e-5254009e5526','Support Discrim:  NONE CAPTURED','2019-06-10 10:54:24','2019-06-10 10:54:24','26402598-50be-ec49-1490-51028469b0e9','26402598-50be-ec49-1490-51028469b0e9',NULL,0,'1','1',NULL,NULL,NULL,NULL,NULL,NULL,NULL,'Medium','automatic_task','Tasks','0','Outbound',10,100,'none','12:00','5.3',0,NULL,NULL,1,0,NULL,'ac343258-869d-11e7-8922-5254009e5526','74c487f0-869d-11e7-81da-5254009e5526',NULL,'1cbe3faa-86a3-11e7-b12c-5254009e5526');
INSERT INTO `dri_workflow_task_templates` VALUES ('e3f17fd8-6f66-11e6-9629-5254009e5526','Info sharing','2019-06-10 10:54:24','2019-06-10 10:54:24','26402598-50be-ec49-1490-51028469b0e9','26402598-50be-ec49-1490-51028469b0e9',NULL,0,'1','1',NULL,NULL,NULL,NULL,NULL,NULL,NULL,'Medium','customer_task','Tasks','0','Outbound',10,100,'none','12:00','2',0,NULL,NULL,1,0,NULL,'82139a08-6f66-11e6-a563-5254009e5526','f4dd8362-6f63-11e6-9f30-5254009e5526',NULL,NULL);
INSERT INTO `dri_workflow_task_templates` VALUES ('e50e9860-fcc9-11e6-9d7c-5254009e5526','Price from 3rd parties','2019-06-10 10:54:24','2019-06-10 10:54:24','26402598-50be-ec49-1490-51028469b0e9','26402598-50be-ec49-1490-51028469b0e9',NULL,0,'1','1',NULL,'days_from_previous_activity_completed',NULL,NULL,NULL,NULL,NULL,'High','agency_task','Tasks','0','Outbound',10,100,'none','12:00','4',1,NULL,NULL,1,0,NULL,'5deef3ac-fcc9-11e6-9550-5254009e5526','467fb2a6-fcc9-11e6-b7a6-5254009e5526',NULL,NULL);
INSERT INTO `dri_workflow_task_templates` VALUES ('e7e50020-6f65-11e6-91c6-5254009e5526','Checking Interest','2019-06-10 10:54:24','2019-06-10 10:54:24','26402598-50be-ec49-1490-51028469b0e9','26402598-50be-ec49-1490-51028469b0e9',NULL,0,'1','1',NULL,'days_from_created',NULL,NULL,NULL,NULL,NULL,'High','internal_task','Tasks','0','Outbound',10,100,'none','12:00','1',1,NULL,NULL,1,0,NULL,'0369bfea-6f64-11e6-b835-5254009e5526','f4dd8362-6f63-11e6-9f30-5254009e5526',NULL,NULL);
INSERT INTO `dri_workflow_task_templates` VALUES ('e9a279c2-f838-11e6-91b7-5254009e5526','Call Lead','2019-06-10 10:54:24','2019-06-10 10:54:24','26402598-50be-ec49-1490-51028469b0e9','26402598-50be-ec49-1490-51028469b0e9',NULL,0,'1','1',NULL,'days_from_stage_started',NULL,NULL,NULL,NULL,NULL,'Medium','internal_task','Tasks','0','Outbound',10,100,'none','12:00','1',1,NULL,NULL,1,0,NULL,'bb3c1f84-f838-11e6-b5aa-5254009e5526','6c671044-f838-11e6-90aa-5254009e5526',NULL,NULL);
INSERT INTO `dri_workflow_task_templates` VALUES ('ee3147b0-86a0-11e7-9d8c-5254009e5526','CRM Access List','2019-06-10 10:54:24','2019-06-10 10:54:24','26402598-50be-ec49-1490-51028469b0e9','26402598-50be-ec49-1490-51028469b0e9',NULL,0,'1','1',NULL,NULL,NULL,NULL,NULL,NULL,NULL,'Medium','automatic_task','Tasks','0','Outbound',10,100,'none','12:00','1.4',0,NULL,NULL,1,0,'[]','ac343258-869d-11e7-8922-5254009e5526','74c487f0-869d-11e7-81da-5254009e5526',NULL,'910a37f4-86a0-11e7-be1b-5254009e5526');
INSERT INTO `dri_workflow_task_templates` VALUES ('efa8671c-fa6f-11e6-b22f-5254009e5526','Received Customer specificatiion','2019-06-10 10:54:24','2019-06-10 10:54:24','26402598-50be-ec49-1490-51028469b0e9','26402598-50be-ec49-1490-51028469b0e9',NULL,0,'1','1',NULL,'days_from_stage_started',NULL,NULL,NULL,NULL,NULL,'High','customer_task','Tasks','0','Outbound',10,100,'none','12:00','1',1,NULL,NULL,1,0,NULL,'6ef86f54-5b23-11e6-a585-5254009e5526','57daaef6-5b1c-11e6-a4fe-5254009e5526',NULL,NULL);
INSERT INTO `dri_workflow_task_templates` VALUES ('f27d3446-93d4-11e7-b7f3-5254009e5526','A18 Generate Report','2019-06-10 10:54:24','2019-06-10 10:54:24','26402598-50be-ec49-1490-51028469b0e9','26402598-50be-ec49-1490-51028469b0e9',NULL,0,'1','1',NULL,NULL,NULL,NULL,NULL,NULL,NULL,'Medium','internal_task','Tasks','0','Outbound',10,100,'none','12:00','4.2',0,NULL,NULL,1,0,'[]','f25af636-869d-11e7-acd9-5254009e5526','74c487f0-869d-11e7-81da-5254009e5526',NULL,'59dab896-869e-11e7-a490-5254009e5526');
INSERT INTO `dri_workflow_task_templates` VALUES ('f46f71fe-86a2-11e7-8268-5254009e5526','Payment System','2019-06-10 10:54:24','2019-06-10 10:54:24','26402598-50be-ec49-1490-51028469b0e9','26402598-50be-ec49-1490-51028469b0e9',NULL,0,'1','1',NULL,NULL,NULL,NULL,NULL,NULL,NULL,'Medium','automatic_task','Tasks','0','Outbound',40,100,'none','12:00','2',0,NULL,NULL,1,1,NULL,'ac343258-869d-11e7-8922-5254009e5526','74c487f0-869d-11e7-81da-5254009e5526',NULL,NULL);
INSERT INTO `dri_workflow_task_templates` VALUES ('f48da746-9bb1-11e6-b8c6-5254009e5526','Buy black body suit and mask','2019-06-10 10:54:24','2019-06-10 10:54:24','26402598-50be-ec49-1490-51028469b0e9','26402598-50be-ec49-1490-51028469b0e9',NULL,0,'1','1',NULL,'days_from_created',NULL,NULL,NULL,NULL,NULL,'Medium','internal_task','Tasks','0','Outbound',10,100,'none','12:00','6',3,NULL,NULL,1,0,NULL,'3560f770-9bb0-11e6-bd59-5254009e5526','95ce91b8-9baf-11e6-8e72-5254009e5526',NULL,NULL);
INSERT INTO `dri_workflow_task_templates` VALUES ('f535684a-fcc9-11e6-803f-5254009e5526','Define budget','2019-06-10 10:54:24','2019-06-10 10:54:24','26402598-50be-ec49-1490-51028469b0e9','26402598-50be-ec49-1490-51028469b0e9',NULL,0,'1','1',NULL,'days_from_stage_started',NULL,NULL,NULL,NULL,NULL,'Medium','internal_task','Tasks','0','Outbound',10,100,'none','12:00','1',1,NULL,NULL,1,0,NULL,'6edde9ca-fcc9-11e6-8130-5254009e5526','467fb2a6-fcc9-11e6-b7a6-5254009e5526',NULL,NULL);
INSERT INTO `dri_workflow_task_templates` VALUES ('f561a310-6f66-11e6-8c38-5254009e5526','Introduction Sales People','2019-06-10 10:54:24','2019-06-10 10:54:24','26402598-50be-ec49-1490-51028469b0e9','26402598-50be-ec49-1490-51028469b0e9',NULL,0,'1','1',NULL,NULL,NULL,NULL,NULL,NULL,NULL,'Medium','milestone','Tasks','0','Outbound',10,100,'none','12:00','3',0,NULL,NULL,1,0,NULL,'82139a08-6f66-11e6-a563-5254009e5526','f4dd8362-6f63-11e6-9f30-5254009e5526',NULL,NULL);
INSERT INTO `dri_workflow_task_templates` VALUES ('f5cd5b20-9bb0-11e6-bdf5-5254009e5526','Call top 2 facilities','2019-06-10 10:54:24','2019-06-10 10:54:24','26402598-50be-ec49-1490-51028469b0e9','26402598-50be-ec49-1490-51028469b0e9','Find out if they have openings for new Ninjas and if you can get in',0,'1','1',NULL,NULL,NULL,NULL,NULL,NULL,NULL,'Medium','customer_task','Tasks','0','Outbound',10,100,'none','12:00','4',0,NULL,NULL,1,0,NULL,'04c555b6-9bb0-11e6-a889-5254009e5526','95ce91b8-9baf-11e6-8e72-5254009e5526',NULL,NULL);
INSERT INTO `dri_workflow_task_templates` VALUES ('f74dcb0a-93db-11e7-b5a0-5254009e5526','Support Access List','2019-06-10 10:54:24','2019-06-10 10:54:24','26402598-50be-ec49-1490-51028469b0e9','26402598-50be-ec49-1490-51028469b0e9',NULL,0,'1','1',NULL,NULL,NULL,NULL,NULL,NULL,NULL,'Medium','automatic_task','Tasks','0','Outbound',10,100,'none','12:00','5.4',0,NULL,NULL,1,0,NULL,'ac343258-869d-11e7-8922-5254009e5526','74c487f0-869d-11e7-81da-5254009e5526',NULL,'1cbe3faa-86a3-11e7-b12c-5254009e5526');
INSERT INTO `dri_workflow_task_templates` VALUES ('f9eccf2a-fcf8-11e6-a345-3c15c2bc32c0','Q1 meeting','2019-06-10 10:54:24','2019-06-10 10:54:24','26402598-50be-ec49-1490-51028469b0e9','26402598-50be-ec49-1490-51028469b0e9',NULL,0,'1','1',NULL,'days_from_previous_activity_completed',NULL,NULL,NULL,NULL,NULL,'Medium','customer_task','Meetings','0','Outbound',10,100,'none','12:00','3',1,NULL,NULL,1,0,'[\"401aacfa-f836-11e6-979a-5254009e5526\"]','f525e55c-f835-11e6-bd49-5254009e5526','ea1ecdea-f835-11e6-b8bd-5254009e5526',NULL,NULL);
INSERT INTO `dri_workflow_task_templates` VALUES ('ff4d85ae-5eec-11e6-9ba5-5254009e5526','Advise Customer of resolution estimate','2019-06-10 10:54:24','2019-06-10 10:54:24','26402598-50be-ec49-1490-51028469b0e9','26402598-50be-ec49-1490-51028469b0e9',NULL,0,'1','1',NULL,'days_from_previous_activity_completed',NULL,NULL,NULL,NULL,NULL,'Medium','internal_task','Tasks','0','Outbound',10,100,'none','12:00','5',1,NULL,NULL,1,0,NULL,'b667519c-5ee9-11e6-8fb9-5254009e5526','241ed50e-5ee8-11e6-ad9d-5254009e5526',NULL,NULL);
/*!40000 ALTER TABLE `dri_workflow_task_templates` ENABLE KEYS */;
UNLOCK TABLES;
DROP TABLE IF EXISTS `dri_workflow_templates`;
/*!40101 SET @saved_cs_client     = @@character_set_client */;
/*!40101 SET character_set_client = utf8 */;
CREATE TABLE `dri_workflow_templates` (
  `id` char(36) NOT NULL,
  `name` varchar(255) DEFAULT NULL,
  `date_entered` datetime DEFAULT NULL,
  `date_modified` datetime DEFAULT NULL,
  `modified_user_id` char(36) DEFAULT NULL,
  `created_by` char(36) DEFAULT NULL,
  `description` text,
  `deleted` tinyint(1) DEFAULT '0',
  `team_id` char(36) DEFAULT NULL,
  `team_set_id` char(36) DEFAULT NULL,
  `acl_team_set_id` char(36) DEFAULT NULL,
  `available_modules` text,
  `disabled_stage_actions` text,
  `disabled_activity_actions` text,
  `points` int(8) DEFAULT NULL,
  `related_activities` int(8) DEFAULT NULL,
  `active` tinyint(1) DEFAULT '1',
  `assignee_rule` varchar(255) DEFAULT 'stage_start',
  `target_assignee` varchar(255) DEFAULT 'current_user',
  `copied_template_id` char(36) DEFAULT NULL,
  PRIMARY KEY (`id`),
  KEY `idx_dri_workflow_templates_date_modfied` (`date_modified`),
  KEY `idx_dri_workflow_templates_id_del` (`id`,`deleted`),
  KEY `idx_dri_workflow_templates_date_entered` (`date_entered`),
  KEY `idx_dri_workflow_templates_name_del` (`name`,`deleted`),
  KEY `idx_dri_workflow_templates_tmst_id` (`team_set_id`),
  KEY `idx_cj_jry_tpl_copied_tpl_id` (`copied_template_id`)
) ENGINE=InnoDB DEFAULT CHARSET=utf8;
/*!40101 SET character_set_client = @saved_cs_client */;

LOCK TABLES `dri_workflow_templates` WRITE;
/*!40000 ALTER TABLE `dri_workflow_templates` DISABLE KEYS */;
INSERT INTO `dri_workflow_templates` VALUES ('241ed50e-5ee8-11e6-ad9d-5254009e5526','New Case Management','2019-06-10 10:54:24','2019-06-10 10:54:24','26402598-50be-ec49-1490-51028469b0e9','26402598-50be-ec49-1490-51028469b0e9',NULL,0,'1','1',NULL,'^Cases^',NULL,NULL,130,13,1,'stage_start','current_user',NULL);
INSERT INTO `dri_workflow_templates` VALUES ('467fb2a6-fcc9-11e6-b7a6-5254009e5526','Opportunity quick deal','2019-06-10 10:54:24','2019-06-10 10:54:24','26402598-50be-ec49-1490-51028469b0e9','26402598-50be-ec49-1490-51028469b0e9',NULL,0,'1','1',NULL,'^Opportunities^',NULL,NULL,120,12,1,'stage_start','parent_assignee',NULL);
INSERT INTO `dri_workflow_templates` VALUES ('57daaef6-5b1c-11e6-a4fe-5254009e5526','Sales Process','2019-06-10 10:54:24','2019-06-10 10:54:24','26402598-50be-ec49-1490-51028469b0e9','26402598-50be-ec49-1490-51028469b0e9',NULL,0,'1','1',NULL,'^Opportunities^',NULL,NULL,100,10,1,'stage_start','current_user',NULL);
INSERT INTO `dri_workflow_templates` VALUES ('6c671044-f838-11e6-90aa-5254009e5526','Lead Journey A','2019-06-10 10:54:24','2019-06-10 10:54:24','26402598-50be-ec49-1490-51028469b0e9','26402598-50be-ec49-1490-51028469b0e9',NULL,0,'1','1',NULL,'^Leads^',NULL,NULL,60,6,1,'stage_start','parent_assignee',NULL);
INSERT INTO `dri_workflow_templates` VALUES ('74c487f0-869d-11e7-81da-5254009e5526','GDPR Compliance Tracking','2019-06-10 10:54:24','2019-06-10 10:54:24','26402598-50be-ec49-1490-51028469b0e9','26402598-50be-ec49-1490-51028469b0e9','This journey template was created as an example to aid in using the CRM as a part of an organization\'s efforts to comply with EU GDPR regulations.    Since no two organizations will have the same exact requirements, it provides a basis that can be extended and modified to satisfy the specific requirements of am organization. For more information, refer to the E-book  \"Getting ready for GDPR: A practical guide to better customer relationship management\" available from SugarCRM',0,'1','1',NULL,'^Contacts^',NULL,NULL,500,63,1,'stage_start','current_user',NULL);
INSERT INTO `dri_workflow_templates` VALUES ('95ce91b8-9baf-11e6-8e72-5254009e5526','Becoming a Ninja','2019-06-10 10:54:24','2019-06-10 10:54:24','26402598-50be-ec49-1490-51028469b0e9','26402598-50be-ec49-1490-51028469b0e9',NULL,0,'1','1',NULL,'^Contacts^',NULL,NULL,217,22,1,'stage_start','current_user',NULL);
INSERT INTO `dri_workflow_templates` VALUES ('ceef2f14-6f56-11e6-8f28-5254009e5526','Email Marketing Internal Process Management','2019-06-10 10:54:24','2019-06-10 10:54:24','26402598-50be-ec49-1490-51028469b0e9','26402598-50be-ec49-1490-51028469b0e9',NULL,0,'1','1',NULL,'^Contacts^,^Cases^',NULL,NULL,110,11,1,'stage_start','current_user',NULL);
INSERT INTO `dri_workflow_templates` VALUES ('ea1ecdea-f835-11e6-b8bd-5254009e5526','Yearly Account Planning A customer','2019-06-10 10:54:24','2019-06-10 10:54:24','26402598-50be-ec49-1490-51028469b0e9','26402598-50be-ec49-1490-51028469b0e9',NULL,0,'1','1',NULL,'^Accounts^',NULL,NULL,240,24,1,'stage_start','parent_assignee',NULL);
INSERT INTO `dri_workflow_templates` VALUES ('f4dd8362-6f63-11e6-9f30-5254009e5526','New Lead Journey from Website','2019-06-10 10:54:24','2019-06-10 10:54:24','26402598-50be-ec49-1490-51028469b0e9','26402598-50be-ec49-1490-51028469b0e9',NULL,0,'1','1',NULL,'^Leads^',NULL,NULL,80,8,1,'stage_start','current_user',NULL);
/*!40000 ALTER TABLE `dri_workflow_templates` ENABLE KEYS */;
UNLOCK TABLES;
DROP TABLE IF EXISTS `dri_workflows`;
/*!40101 SET @saved_cs_client     = @@character_set_client */;
/*!40101 SET character_set_client = utf8 */;
CREATE TABLE `dri_workflows` (
  `id` char(36) NOT NULL,
  `name` varchar(255) DEFAULT NULL,
  `date_entered` datetime DEFAULT NULL,
  `date_modified` datetime DEFAULT NULL,
  `modified_user_id` char(36) DEFAULT NULL,
  `created_by` char(36) DEFAULT NULL,
  `description` text,
  `deleted` tinyint(1) DEFAULT '0',
  `assigned_user_id` char(36) DEFAULT NULL,
  `team_id` char(36) DEFAULT NULL,
  `team_set_id` char(36) DEFAULT NULL,
  `acl_team_set_id` char(36) DEFAULT NULL,
  `account_id` char(36) DEFAULT NULL,
  `contact_id` char(36) DEFAULT NULL,
  `lead_id` char(36) DEFAULT NULL,
  `opportunity_id` char(36) DEFAULT NULL,
  `case_id` char(36) DEFAULT NULL,
  `available_modules` text,
  `state` varchar(255) DEFAULT 'not_started',
  `assignee_rule` varchar(255) DEFAULT 'stage_start',
  `target_assignee` varchar(255) DEFAULT 'current_user',
  `progress` float DEFAULT '0',
  `momentum_ratio` float DEFAULT '1',
  `score` int(8) DEFAULT NULL,
  `points` int(8) DEFAULT NULL,
  `momentum_points` int(8) DEFAULT '0',
  `momentum_score` int(8) DEFAULT '0',
  `parent_id` char(36) DEFAULT NULL,
  `parent_type` varchar(255) DEFAULT NULL,
  `date_started` datetime DEFAULT NULL,
  `date_completed` datetime DEFAULT NULL,
  `dri_workflow_template_id` char(36) DEFAULT NULL,
  `current_stage_id` char(36) DEFAULT NULL,
  PRIMARY KEY (`id`),
  KEY `idx_dri_workflows_date_modfied` (`date_modified`),
  KEY `idx_dri_workflows_id_del` (`id`,`deleted`),
  KEY `idx_dri_workflows_date_entered` (`date_entered`),
  KEY `idx_dri_workflows_name_del` (`name`,`deleted`),
  KEY `idx_dri_workflows_assigned_del` (`assigned_user_id`,`deleted`),
  KEY `idx_dri_workflows_tmst_id` (`team_set_id`),
  KEY `idx_cj_jry_account_id` (`account_id`),
  KEY `idx_cj_jry_contact_id` (`contact_id`),
  KEY `idx_cj_jry_lead_id` (`lead_id`),
  KEY `idx_cj_jry_opportunity_id` (`opportunity_id`),
  KEY `idx_cj_jry_case_id` (`case_id`),
  KEY `idx_cj_journey_tpl_id` (`dri_workflow_template_id`),
  KEY `idx_cj_jry_current_stage_id` (`current_stage_id`),
  KEY `idx_cj_jry_parent_id` (`parent_id`)
) ENGINE=InnoDB DEFAULT CHARSET=utf8;
/*!40101 SET character_set_client = @saved_cs_client */;

LOCK TABLES `dri_workflows` WRITE;
/*!40000 ALTER TABLE `dri_workflows` DISABLE KEYS */;
/*!40000 ALTER TABLE `dri_workflows` ENABLE KEYS */;
UNLOCK TABLES;
DROP TABLE IF EXISTS `dri_workflows_audit`;
/*!40101 SET @saved_cs_client     = @@character_set_client */;
/*!40101 SET character_set_client = utf8 */;
CREATE TABLE `dri_workflows_audit` (
  `id` char(36) NOT NULL,
  `parent_id` char(36) NOT NULL,
  `event_id` char(36) NOT NULL,
  `date_created` datetime DEFAULT NULL,
  `created_by` char(36) DEFAULT NULL,
  `date_updated` datetime DEFAULT NULL,
  `field_name` varchar(100) DEFAULT NULL,
  `data_type` varchar(100) DEFAULT NULL,
  `before_value_string` varchar(255) DEFAULT NULL,
  `after_value_string` varchar(255) DEFAULT NULL,
  `before_value_text` text,
  `after_value_text` text,
  PRIMARY KEY (`id`),
  KEY `idx_dri_workflows_audit_parent_id` (`parent_id`),
  KEY `idx_dri_workflows_audit_event_id` (`event_id`),
  KEY `idx_dri_workflows_audit_pa_ev_id` (`parent_id`,`event_id`),
  KEY `idx_dri_workflows_audit_after_value` (`after_value_string`)
) ENGINE=InnoDB DEFAULT CHARSET=utf8;
/*!40101 SET character_set_client = @saved_cs_client */;

LOCK TABLES `dri_workflows_audit` WRITE;
/*!40000 ALTER TABLE `dri_workflows_audit` DISABLE KEYS */;
/*!40000 ALTER TABLE `dri_workflows_audit` ENABLE KEYS */;
UNLOCK TABLES;
/*!40103 SET TIME_ZONE=@OLD_TIME_ZONE */;

/*!40101 SET SQL_MODE=@OLD_SQL_MODE */;
/*!40014 SET FOREIGN_KEY_CHECKS=@OLD_FOREIGN_KEY_CHECKS */;
/*!40014 SET UNIQUE_CHECKS=@OLD_UNIQUE_CHECKS */;
/*!40101 SET CHARACTER_SET_CLIENT=@OLD_CHARACTER_SET_CLIENT */;
/*!40101 SET CHARACTER_SET_RESULTS=@OLD_CHARACTER_SET_RESULTS */;
/*!40101 SET COLLATION_CONNECTION=@OLD_COLLATION_CONNECTION */;
/*!40111 SET SQL_NOTES=@OLD_SQL_NOTES */;

